000
CXUS56 KBOI 271002
CF6ONO
PRELIMINARY LOCAL CLIMATOLOGICAL DATA (WS FORM: F-6)

                                          STATION:   ONTARIO OR
                                          MONTH:     APRIL
                                          YEAR:      2015
                                          LATITUDE:   44  1 N
                                          LONGITUDE: 117  1 W

  TEMPERATURE IN F:       :PCPN:    SNOW:  WIND      :SUNSHINE: SKY     :PK WND
================================================================================
1   2   3   4   5  6A  6B    7    8   9   10  11  12  13   14  15   16   17  18
                                     12Z  AVG MX 2MIN
DY MAX MIN AVG DEP HDD CDD  WTR  SNW DPTH SPD SPD DIR MIN PSBL S-S WX    SPD DR
================================================================================

 1  54  31  43  -4  22   0 0.00    M    M  9.9 24 260   M    M   2        28 280
 2  57  30  44  -4  21   0 0.00    M    M  7.0 22 280   M    M   1        33 320
 3  61  22  42  -6  23   0 0.00    M    M  4.2 14 100   M    M   1        21 120
 4  59  40  50   2  15   0 0.00    M    M  4.7 17 160   M    M   5        22 160
 5  52  38  45  -3  20   0 0.47    M    M  3.9 20 240   M    M   7 1      28 230
 6  56  35  46  -2  19   0 0.00    M    M  6.0 17 210   M    M   2        22 210
 7  59  30  45  -3  20   0 0.00    M    M  5.4 17 140   M    M   2        22 150
 8  66  46  56   7   9   0 0.00    M    M 18.2 32 310   M    M   6        40 320
 9  63  34  49   0  16   0 0.00    M    M  5.6 14 240   M    M   1        18 270
10  71  33  52   3  13   0 0.00    M    M  5.6 14 150   M    M   1        18 150
11  63  39  51   2  14   0    T    M    M 10.6 33 250   M    M   5        41 260
12  58  33  46  -3  19   0 0.00    M    M  6.1 21 320   M    M   0        25 310
13  73  29  51   1  14   0 0.00    M    M  4.8 12 230   M    M   0        16  30
14  57  35  46  -4  19   0    T    M    M 19.6 35 330   M    M   3        44 350
15  61  33  47  -3  18   0 0.00    M    M 14.8 25 310   M    M   0        33 320
16  70  36  53   3  12   0 0.00    M    M  4.8 15 290   M    M   0        19 280
17  75  32  54   4  11   0 0.00    M    M  4.6 24 310   M    M   0        33 310
18  76  51  64  13   1   0 0.00    M    M 17.2 28 310   M    M   0        34 310
19  74  41  58   7   7   0 0.00    M    M  4.9 14 250   M    M   0        15 290
20  76  37  57   6   8   0 0.00    M    M  3.7  8 250   M    M   0        12 310
21  78  39  59   7   6   0 0.00    M    M  3.1 24 320   M    M   0        30 320
22  72  50  61   9   4   0 0.00    M    M 19.2 31 320   M    M   1        40 320
23  67  35  51  -1  14   0    T    M    M  5.2 23 300   M    M   1        29 290
24  66  48  57   5   8   0 0.03    M    M  7.9 20 270   M    M   8        26 260
25  65  39  52  -1  13   0    T    M    M  9.6 26 310   M    M   4        32 310
26  65  36  51  -2  14   0 0.00    M    M 10.4 23 300   M    M   1        27 300
================================================================================
SM 1694  952       360   0  0.50    M    217.0          M       51
================================================================================
AV 65.2 36.6                               8.3 FASTST   M    M   2    MAX(MPH)
                                 MISC ---->  # 35 330               # 44  350
================================================================================
NOTES:
# LAST OF SEVERAL OCCURRENCES

COLUMN 17 PEAK WIND IN M.P.H.

PRELIMINARY LOCAL CLIMATOLOGICAL DATA (WS FORM: F-6) , PAGE 2

                                          STATION:  ONTARIO OR
                                          MONTH:    APRIL
                                          YEAR:     2015
                                          LATITUDE:   44  1 N
                                          LONGITUDE: 117  1 W

[TEMPERATURE DATA]      [PRECIPITATION DATA]       SYMBOLS USED IN COLUMN 16

AVERAGE MONTHLY: 50.9   TOTAL FOR MONTH:   0.50    1 = FOG OR MIST
DPTR FM NORMAL:   1.0   DPTR FM NORMAL:   -0.18    2 = FOG REDUCING VISIBILITY
HIGHEST:    78 ON 21    GRTST 24HR  0.47 ON  5- 5      TO 1/4 MILE OR LESS
LOWEST:     22 ON  3                               3 = THUNDER
                        SNOW, ICE PELLETS, HAIL    4 = ICE PELLETS
                        TOTAL MONTH:    M          5 = HAIL
                        GRTST 24HR    M  ON   M    6 = FREEZING RAIN OR DRIZZLE
                        GRTST DEPTH:  M  ON   M    7 = DUSTSTORM OR SANDSTORM:
                                                       VSBY 1/2 MILE OR LESS
                                                   8 = SMOKE OR HAZE
[NO. OF DAYS WITH]      [WEATHER - DAYS WITH]      9 = BLOWING SNOW
                                                   X = TORNADO
MAX 32 OR BELOW:   0    0.01 INCH OR MORE:   2
MAX 90 OR ABOVE:   0    0.10 INCH OR MORE:   1
MIN 32 OR BELOW:   6    0.50 INCH OR MORE:   0
MIN  0 OR BELOW:   0    1.00 INCH OR MORE:   0

[HDD (BASE 65) ]
TOTAL THIS MO.   360    CLEAR  (SCALE 0-3)  19
DPTR FM NORMAL   -35    PTCLDY (SCALE 4-7)   7
TOTAL FM JUL 1  4677    CLOUDY (SCALE 8-10)  0
DPTR FM NORMAL -1018

[CDD (BASE 65) ]
TOTAL THIS MO.     0
DPTR FM NORMAL     0    [PRESSURE DATA]
TOTAL FM JAN 1     0    HIGHEST SLP M ON M
DPTR FM NORMAL     0    LOWEST  SLP 29.61 ON 13

[REMARKS]
