000
CXUS56 KPDT 011832
CF6PSC
PRELIMINARY LOCAL CLIMATOLOGICAL DATA (WS FORM: F-6)

                                          STATION:   PASCO WA
                                          MONTH:     MARCH
                                          YEAR:      2015
                                          LATITUDE:   46 16 N
                                          LONGITUDE: 119  7 W

  TEMPERATURE IN F:       :PCPN:    SNOW:  WIND      :SUNSHINE: SKY     :PK WND
================================================================================
1   2   3   4   5  6A  6B    7    8   9   10  11  12  13   14  15   16   17  18
                                     12Z  AVG MX 2MIN
DY MAX MIN AVG DEP HDD CDD  WTR  SNW DPTH SPD SPD DIR MIN PSBL S-S WX    SPD DR
================================================================================

 1  54  15  35  -7  30   0 0.00  0.0    0  2.8  9 340   M    M   0        11 120
 2  51  26  39  -3  26   0 0.00  0.0    0  8.0 22 350   M    M   6        27 350
 3  49  21  35  -7  30   0 0.00  0.0    0  4.2 12 290   M    M   0        15 350
 4  56  16  36  -7  29   0 0.00  0.0    0  3.2 10 170   M    M   0        12 170
 5  58  22  40  -3  25   0 0.00  0.0    0  2.1  7 360   M    M   0        10 170
 6  65  25  45   2  20   0 0.00  0.0    0  2.1  8 360   M    M   0         9 360
 7  65  28  47   3  18   0 0.00  0.0    0  1.9  8 350   M    M   0         8 310
 8  67  28  48   4  17   0 0.00  0.0    0  2.6  9 140   M    M   0        11 140
 9  73  30  52   8  13   0 0.00  0.0    0  4.4 15 200   M    M   0        18 210
10  72  29  51   6  14   0 0.00  0.0    0  4.0 13 310   M    M   0        14 300
11  69  46  58  13   7   0    T  0.0    0  6.7 20 230   M    M   8        25 240
12  71  37  54   9  11   0 0.00  0.0    0  6.6 17 230   M    M   1        22 240
13  68  34  51   5  14   0 0.00  0.0    0  4.5 13 310   M    M   0        17 310
14  70  49  60  14   5   0 0.10  0.0    0 10.5 29 240   M    M   9        37 240
15  60  51  56  10   9   0 0.18  0.0    0  8.9 38 230   M    M   8        52 250
16  62  40  51   5  14   0 0.00  0.0    0  6.5 29 230   M    M   1        35 240
17  59  47  53   6  12   0 0.01  0.0    0  6.8 14 280   M    M   7        17 280
18  65  38  52   5  13   0 0.00  0.0    0  4.9 13 190   M    M   0        17 230
19  67  32  50   3  15   0 0.00  0.0    0  2.8 12 180   M    M   0        14 170
20  65  35  50   2  15   0 0.00  0.0    0  2.9 12 300   M    M   1        13 310
21  66  35  51   3  14   0 0.00  0.0    0 12.0 29 230   M    M   2        35 250
22  61  32  47  -1  18   0 0.00  0.0    0  5.1 16 210   M    M   3        22 210
23  61  45  53   5  12   0    T  0.0    0 15.8 35 250   M    M   6 7      43 240
24  63  43  53   4  12   0 0.01  0.0    0 10.8 28 290   M    M   7        35 290
25  61  46  54   5  11   0 0.14  0.0    0  8.2 16 220   M    M   7        20 220
26  75  44  60  11   5   0 0.00  0.0    0  4.1 14 190   M    M   0        17 190
27  79  41  60  11   5   0 0.05  0.0    0  4.6 21 240   M    M   2 3      28 240
28  67  45  56   6   9   0 0.00  0.0    0 17.9 35 240   M    M   1        44 250
29  74  43  59   9   6   0 0.00  0.0    0  5.8 15 200   M    M   1        19 190
30  72  37  55   5  10   0 0.00  0.0    0  3.5  9 150   M    M   0        12 150
31  65  45  55   5  10   0 0.00  0.0    0 13.5 26 270   M    M   3        31 270
================================================================================
SM 2010 1105       449   0  0.49     0.0 197.7          M       73
================================================================================
AV 64.8 35.6                               6.4 FASTST   M    M   2    MAX(MPH)
                                 MISC ---->  # 38 230               # 52  250
================================================================================
NOTES:
# LAST OF SEVERAL OCCURRENCES

COLUMN 17 PEAK WIND IN M.P.H.

PRELIMINARY LOCAL CLIMATOLOGICAL DATA (WS FORM: F-6) , PAGE 2

                                          STATION:  PASCO WA
                                          MONTH:    MARCH
                                          YEAR:     2015
                                          LATITUDE:   46 16 N
                                          LONGITUDE: 119  7 W

[TEMPERATURE DATA]      [PRECIPITATION DATA]       SYMBOLS USED IN COLUMN 16

AVERAGE MONTHLY: 50.2   TOTAL FOR MONTH:   0.49    1 = FOG OR MIST
DPTR FM NORMAL:   3.9   DPTR FM NORMAL:   -0.30    2 = FOG REDUCING VISIBILITY
HIGHEST:    79 ON 27    GRTST 24HR  0.18 ON 15-15      TO 1/4 MILE OR LESS
LOWEST:     15 ON  1                               3 = THUNDER
                        SNOW, ICE PELLETS, HAIL    4 = ICE PELLETS
                        TOTAL MONTH:   0.0 INCH    5 = HAIL
                        GRTST 24HR     0.0         6 = FREEZING RAIN OR DRIZZLE
                        GRTST DEPTH:   0           7 = DUSTSTORM OR SANDSTORM:
                                                       VSBY 1/2 MILE OR LESS
                                                   8 = SMOKE OR HAZE
[NO. OF DAYS WITH]      [WEATHER - DAYS WITH]      9 = BLOWING SNOW
                                                   X = TORNADO
MAX 32 OR BELOW:   0    0.01 INCH OR MORE:   6
MAX 90 OR ABOVE:   0    0.10 INCH OR MORE:   3
MIN 32 OR BELOW:  12    0.50 INCH OR MORE:   0
MIN  0 OR BELOW:   0    1.00 INCH OR MORE:   0

[HDD (BASE 65) ]
TOTAL THIS MO.   449    CLEAR  (SCALE 0-3)  22
DPTR FM NORMAL  -129    PTCLDY (SCALE 4-7)   8
TOTAL FM JUL 1  3905    CLOUDY (SCALE 8-10)  1
DPTR FM NORMAL  -556

[CDD (BASE 65) ]
TOTAL THIS MO.     0
DPTR FM NORMAL     0    [PRESSURE DATA]
TOTAL FM JAN 1     0    HIGHEST SLP 30.44 ON  6
DPTR FM NORMAL     0    LOWEST  SLP 29.72 ON 15

[REMARKS]
#FINAL-03-15#
