000
CXUS55 KRIW 250903
CF6RIW
PRELIMINARY LOCAL CLIMATOLOGICAL DATA (WS FORM: F-6)

                                          STATION:   RIVERTON WY
                                          MONTH:     APRIL
                                          YEAR:      2015
                                          LATITUDE:   43  2 N
                                          LONGITUDE: 108 27 W

  TEMPERATURE IN F:       :PCPN:    SNOW:  WIND      :SUNSHINE: SKY     :PK WND
================================================================================
1   2   3   4   5  6A  6B    7    8   9   10  11  12  13   14  15   16   17  18
                                     12Z  AVG MX 2MIN
DY MAX MIN AVG DEP HDD CDD  WTR  SNW DPTH SPD SPD DIR MIN PSBL S-S WX    SPD DR
================================================================================

 1  54  32  43   3  22   0 0.00  0.0    0 18.9 36 310   M    M   0        47 320
 2  42  28  35  -6  30   0    T  0.3    0  9.3 22 330   M    M   6 1      27 330
 3  48  19  34  -7  31   0    T    T    T  7.4 24 290   M    M   0 1      29 270
 4  58  24  41   0  24   0 0.00  0.0    0  7.7 23 240   M    M   0        29 240
 5  67  29  48   7  17   0 0.00  0.0    0  7.8 24  20   M    M   1        32 270
 6  59  34  47   5  18   0 0.00  0.0    0 11.6 25 280   M    M   3        31 280
 7  54  33  44   2  21   0 0.00  0.0    0  8.8 17 310   M    M   4        21 310
 8  40  32  36  -6  29   0 0.27  1.5    0 13.1 23  10   M    M  10 1      33 360
 9  51  28  40  -2  25   0 0.00  0.0    T  7.1 15 320   M    M   1        20 360
10  59  31  45   3  20   0 0.00  0.0    0  6.8 14 300   M    M   0        15 290
11  66  33  50   7  15   0 0.00  0.0    0  9.8 29 230   M    M   1        34 230
12  55  34  45   2  20   0    T  0.0    0 16.2 30 310   M    M   1        39 320
13  67  34  51   8  14   0 0.00  0.0    0  8.1 16 180   M    M   0        23 140
14  75  36  56  12   9   0 0.00  0.0    0 16.6 36 190   M    M   1        48 180
15  46  31  39  -5  26   0 0.11  1.4    0 18.4 31  20   M    M   9 128    38  20
16  46  31  39  -5  26   0 0.01  0.1    1 10.6 20  60   M    M   9 1      23  60
17  58  32  45   1  20   0 0.00  0.0    0  7.4 16  40   M    M   4        25  20
18  64  32  48   3  17   0 0.00  0.0    0 16.4 37  20   M    M   2        46  20
19  51  33  42  -3  23   0    T    T    0  9.7 20  30   M    M   8        26  30
20  57  27  42  -3  23   0 0.00  0.0    0  4.5 15  80   M    M   1        18  80
21  64  31  48   2  17   0 0.00  0.0    0  5.9 15 320   M    M   1        20 330
22  69  35  52   6  13   0 0.00  0.0    0  6.9 20 180   M    M   2        31 180
23  68  41  55   9  10   0    T  0.0    0  7.2 28 300   M    M   3 3      31 300
24  67  37  52   5  13   0    T  0.0    0  9.5 30 260   M    M   1        36 240
================================================================================
SM 1385  757       483   0  0.39     3.3 245.7          M       68
================================================================================
AV 57.7 31.5                              10.2 FASTST   M    M   3    MAX(MPH)
                                 MISC ---->  # 37  20               # 48  180
================================================================================
NOTES:
# LAST OF SEVERAL OCCURRENCES

COLUMN 17 PEAK WIND IN M.P.H.

PRELIMINARY LOCAL CLIMATOLOGICAL DATA (WS FORM: F-6) , PAGE 2

                                          STATION:  RIVERTON WY
                                          MONTH:    APRIL
                                          YEAR:     2015
                                          LATITUDE:   43  2 N
                                          LONGITUDE: 108 27 W

[TEMPERATURE DATA]      [PRECIPITATION DATA]       SYMBOLS USED IN COLUMN 16

AVERAGE MONTHLY: 44.6   TOTAL FOR MONTH:   0.39    1 = FOG OR MIST
DPTR FM NORMAL:   1.3   DPTR FM NORMAL:   -0.57    2 = FOG REDUCING VISIBILITY
HIGHEST:    75 ON 14    GRTST 24HR  1.55 ON 15-16      TO 1/4 MILE OR LESS
LOWEST:     19 ON  3                               3 = THUNDER
                        SNOW, ICE PELLETS, HAIL    4 = ICE PELLETS
                        TOTAL MONTH:   3.3 INCHES  5 = HAIL
                        GRTST 24HR   1.5 ON  8- 8  6 = FREEZING RAIN OR DRIZZLE
                        GRTST DEPTH:   1 ON 16     7 = DUSTSTORM OR SANDSTORM:
                                                       VSBY 1/2 MILE OR LESS
                                                   8 = SMOKE OR HAZE
[NO. OF DAYS WITH]      [WEATHER - DAYS WITH]      9 = BLOWING SNOW
                                                   X = TORNADO
MAX 32 OR BELOW:   0    0.01 INCH OR MORE:   3
MAX 90 OR ABOVE:   0    0.10 INCH OR MORE:   2
MIN 32 OR BELOW:  14    0.50 INCH OR MORE:   0
MIN  0 OR BELOW:   0    1.00 INCH OR MORE:   0

[HDD (BASE 65) ]
TOTAL THIS MO.   483    CLEAR  (SCALE 0-3)  17
DPTR FM NORMAL   -37    PTCLDY (SCALE 4-7)   4
TOTAL FM JUL 1  6661    CLOUDY (SCALE 8-10)  3
DPTR FM NORMAL  -631

[CDD (BASE 65) ]
TOTAL THIS MO.     0
DPTR FM NORMAL     0    [PRESSURE DATA]
TOTAL FM JAN 1     0    HIGHEST SLP M ON M
DPTR FM NORMAL     0    LOWEST  SLP 29.60 ON 24

[REMARKS]
