000
CXUS53 KLMK 270800
CF6SDF
PRELIMINARY LOCAL CLIMATOLOGICAL DATA (WS FORM: F-6)

                                          STATION:   LOUISVILLE KY
                                          MONTH:     APRIL
                                          YEAR:      2015
                                          LATITUDE:   38 10 N
                                          LONGITUDE:  85 44 W

  TEMPERATURE IN F:       :PCPN:    SNOW:  WIND      :SUNSHINE: SKY     :PK WND
================================================================================
1   2   3   4   5  6A  6B    7    8   9   10  11  12  13   14  15   16   17  18
                                     12Z  AVG MX 2MIN
DY MAX MIN AVG DEP HDD CDD  WTR  SNW DPTH SPD SPD DIR MIN PSBL S-S WX    SPD DR
================================================================================

 1  70  43  57   4   8   0 0.00  0.0    0  6.3 16 140   M    M   4        19 150
 2  75  54  65  11   0   0 1.17  0.0    0 11.8 31 190   M    M   9 13     45 300
 3  70  48  59   5   6   0 5.64  0.0    0 10.7 28 350   M    M   9 13     35 350
 4  58  38  48  -6  17   0 0.00  0.0    0  7.7 18 340   M    M   1        23 340
 5  66  36  51  -4  14   0 0.00  0.0    0  5.2 14 230   M    M   6        18 230
 6  73  52  63   8   2   0 0.01  0.0    0  9.1 25 220   M    M   9        30 220
 7  78  59  69  14   0   4 1.21  0.0    0  8.6 23 360   M    M   9 138    29 330
 8  82  59  71  15   0   6 0.14  0.0    0  9.6 17 150   M    M   9 138    21 230
 9  84  67  76  20   0  11 0.33  0.0    0 14.1 28 200   M    M   8 13     36 240
10  76  53  65   9   0   0 0.12  0.0    0 13.7 29 290   M    M   7 13     37 300
11  67  45  56  -1   9   0 0.00  0.0    0  5.3 21  10   M    M   2        25  10
12  79  48  64   7   1   0 0.00  0.0    0  4.0 14 160   M    M   5        16 160
13  81  61  71  14   0   6 0.64  0.0    0  9.6 21 230   M    M   7 1      26 220
14  65  53  59   1   6   0 0.23  0.0    0 10.5 23  60   M    M  10 1      31  80
15  62  57  60   2   5   0    T  0.0    0 10.0 18 100   M    M  10        23 100
16  76  58  67   9   0   2 0.15  0.0    0  7.9 18 160   M    M   7 1      23 150
17  78  63  71  12   0   6 0.00  0.0    0  3.0  9 150   M    M   8        12 130
18  81  56  69  10   0   4 0.00  0.0    0  5.0 15 120   M    M   6 18     18 120
19  73  60  67   8   0   2 0.78  0.0    0 10.6 23 240   M    M   9 1      29 220
20  63  50  57  -3   8   0 0.17  0.0    0 13.2 26 290   M    M   8 1      33 260
21  68  46  57  -3   8   0 0.00  0.0    0 14.8 33 250   M    M   4        42 250
22  61  45  53  -7  12   0 0.02  0.0    0 14.8 30 290   M    M   3        39 290
23  63  39  51  -9  14   0 0.00  0.0    0 10.7 25 290   M    M   0        31 290
24  65  38  52  -9  13   0    T  0.0    0  4.7 13 150   M    M   8        16 150
25  63  47  55  -6  10   0 0.21  0.0    0  8.5 17  30   M    M   9 13     21  30
26  65  46  56  -5   9   0 0.01  0.0    0 11.0 20 350   M    M   4 1      29  60
================================================================================
SM 1842 1321       142  41 10.83     0.0 240.4          M      171
================================================================================
AV 70.8 50.8                               9.2 FASTST   M    M   7    MAX(MPH)
                                 MISC ---->  # 33 250               # 45  300
================================================================================
NOTES:
# LAST OF SEVERAL OCCURRENCES

COLUMN 17 PEAK WIND IN M.P.H.

PRELIMINARY LOCAL CLIMATOLOGICAL DATA (WS FORM: F-6) , PAGE 2

                                          STATION:  LOUISVILLE KY
                                          MONTH:    APRIL
                                          YEAR:     2015
                                          LATITUDE:   38 10 N
                                          LONGITUDE:  85 44 W

[TEMPERATURE DATA]      [PRECIPITATION DATA]       SYMBOLS USED IN COLUMN 16

AVERAGE MONTHLY: 60.8   TOTAL FOR MONTH:  10.83    1 = FOG OR MIST
DPTR FM NORMAL:   3.4   DPTR FM NORMAL:    7.42    2 = FOG REDUCING VISIBILITY
HIGHEST:    84 ON  9    GRTST 24HR  5.86 ON  2- 3      TO 1/4 MILE OR LESS
LOWEST:     36 ON  5                               3 = THUNDER
                        SNOW, ICE PELLETS, HAIL    4 = ICE PELLETS
                        TOTAL MONTH:   0.0 INCH    5 = HAIL
                        GRTST 24HR     0.0         6 = FREEZING RAIN OR DRIZZLE
                        GRTST DEPTH:   0           7 = DUSTSTORM OR SANDSTORM:
                                                       VSBY 1/2 MILE OR LESS
                                                   8 = SMOKE OR HAZE
[NO. OF DAYS WITH]      [WEATHER - DAYS WITH]      9 = BLOWING SNOW
                                                   X = TORNADO
MAX 32 OR BELOW:   0    0.01 INCH OR MORE:  15
MAX 90 OR ABOVE:   0    0.10 INCH OR MORE:  12
MIN 32 OR BELOW:   0    0.50 INCH OR MORE:   5
MIN  0 OR BELOW:   0    1.00 INCH OR MORE:   3

[HDD (BASE 65) ]
TOTAL THIS MO.   142    CLEAR  (SCALE 0-3)   3
DPTR FM NORMAL   -84    PTCLDY (SCALE 4-7)  13
TOTAL FM JUL 1  4328    CLOUDY (SCALE 8-10) 10
DPTR FM NORMAL   323

[CDD (BASE 65) ]
TOTAL THIS MO.    41
DPTR FM NORMAL     8    [PRESSURE DATA]
TOTAL FM JAN 1    42    HIGHEST SLP M ON M
DPTR FM NORMAL     3    LOWEST  SLP 29.47 ON 19

[REMARKS]
