000
CXUS51 KBTV 240700
CF6SLK
PRELIMINARY LOCAL CLIMATOLOGICAL DATA (WS FORM: F-6)

                                          STATION:   SARANAC LAKE NY
                                          MONTH:     APRIL
                                          YEAR:      2015
                                          LATITUDE:   44 23 N
                                          LONGITUDE:  74 12 W

  TEMPERATURE IN F:       :PCPN:    SNOW:  WIND      :SUNSHINE: SKY     :PK WND
================================================================================
1   2   3   4   5  6A  6B    7    8   9   10  11  12  13   14  15   16   17  18
                                     12Z  AVG MX 2MIN
DY MAX MIN AVG DEP HDD CDD  WTR  SNW DPTH SPD SPD DIR MIN PSBL S-S WX    SPD DR
================================================================================

 1  33  -1  16 -16  49   0    T    M    0  3.8 12 290   M    M   0        20 250
 2  59  10  35   3  30   0 0.07    M    0 10.2 26 210   M    M   5 1      34 210
 3  56  36  46  14  19   0 0.11    M    0  6.9 18 250   M    M   5 1      26 250
 4  37  24  31  -2  34   0 0.25    M    0  8.3 16 270   M    M   8 18     26 300
 5  34  22  28  -5  37   0 0.01    M    0 11.0 23 240   M    M   7 1      32 240
 6  33  24  29  -5  36   0 0.05    M    0  4.2 15 230   M    M   9 1      21 230
 7  42  22  32  -2  33   0    T    M    0  6.6 14  50   M    M   6 1      18  60
 8  41  19  30  -5  35   0 0.44    M    0  7.1 15  50   M    M   5 1268   18  60
 9  43  29  36   1  29   0 0.10    M    0  7.5 15 160   M    M   9 1      21 140
10  50  37  44   8  21   0 0.08    M    0 14.2 26 240   M    M   9 13     42 240
11  43  27  35  -1  30   0 0.01    M    0 10.8 22 250   M    M   6 18     36 270
12  60  27  44   7  21   0 0.00  0.0    0  6.1 16 220   M    M   0        24 220
13  72  24  48  11  17   0 0.16    M    0 10.7 30 190   M    M   1 1      39 200
14  57  28  43   5  22   0 0.05    M    0  7.8 21 260   M    M   4 1      33 280
15  53  21  37  -1  28   0 0.00  0.0    0  3.6 14 350   M    M   0        23 350
16  67  16  42   4  23   0 0.00  0.0    0  5.6 18 210   M    M   0        25 210
17  60  32  46   7  19   0 0.11    M    0  5.8 21 240   M    M   6 1      28 260
18  60  29  45   6  20   0 0.00  0.0    0  5.7 21 290   M    M   4 12     34 290
19  56  21  39  -1  26   0 0.00  0.0    0  6.4 16  50   M    M   1        20  50
20  53  38  46   6  19   0 0.28    M    0 12.7 30 170   M    M   7 1      46 170
21  52  29  41   1  24   0 0.55    M    0  6.9 21 220   M    M   8 1      29 230
22  43  27  35  -6  30   0 0.07    M    0  6.2 23 210   M    M   8 1      29 220
23  36  29  33  -8  32   0 0.03    M    0  8.4 18 250   M    M  10 18     29 230
================================================================================
SM 1140  570       634   0  2.37     0.0 176.5          M      118
================================================================================
AV 49.6 24.8                               7.7 FASTST   M    M   5    MAX(MPH)
                                 MISC ---->  # 30 190               # 46  170
================================================================================
NOTES:
# LAST OF SEVERAL OCCURRENCES

COLUMN 17 PEAK WIND IN M.P.H.

PRELIMINARY LOCAL CLIMATOLOGICAL DATA (WS FORM: F-6) , PAGE 2

                                          STATION:  SARANAC LAKE NY
                                          MONTH:    APRIL
                                          YEAR:     2015
                                          LATITUDE:   44 23 N
                                          LONGITUDE:  74 12 W

[TEMPERATURE DATA]      [PRECIPITATION DATA]       SYMBOLS USED IN COLUMN 16

AVERAGE MONTHLY: 37.2   TOTAL FOR MONTH:   2.37    1 = FOG OR MIST
DPTR FM NORMAL:   0.7   DPTR FM NORMAL:    0.20    2 = FOG REDUCING VISIBILITY
HIGHEST:    72 ON 13    GRTST 24HR  0.69 ON 20-21      TO 1/4 MILE OR LESS
LOWEST:     -1 ON  1                               3 = THUNDER
                        SNOW, ICE PELLETS, HAIL    4 = ICE PELLETS
                        TOTAL MONTH:   0.0 INCH    5 = HAIL
                        GRTST 24HR     0.0         6 = FREEZING RAIN OR DRIZZLE
                        GRTST DEPTH:   0           7 = DUSTSTORM OR SANDSTORM:
                                                       VSBY 1/2 MILE OR LESS
                                                   8 = SMOKE OR HAZE
[NO. OF DAYS WITH]      [WEATHER - DAYS WITH]      9 = BLOWING SNOW
                                                   X = TORNADO
MAX 32 OR BELOW:   0    0.01 INCH OR MORE:  16
MAX 90 OR ABOVE:   0    0.10 INCH OR MORE:   8
MIN 32 OR BELOW:  20    0.50 INCH OR MORE:   1
MIN  0 OR BELOW:   1    1.00 INCH OR MORE:   0

[HDD (BASE 65) ]
TOTAL THIS MO.   634    CLEAR  (SCALE 0-3)   6
DPTR FM NORMAL   -22    PTCLDY (SCALE 4-7)  12
TOTAL FM JUL 1  8825    CLOUDY (SCALE 8-10)  5
DPTR FM NORMAL   207

[CDD (BASE 65) ]
TOTAL THIS MO.     0
DPTR FM NORMAL     0    [PRESSURE DATA]
TOTAL FM JAN 1     0    HIGHEST SLP M ON M
DPTR FM NORMAL     0    LOWEST  SLP 29.50 ON  4

[REMARKS]
