000
CXUS55 KREV 270852
CF6TVL
PRELIMINARY LOCAL CLIMATOLOGICAL DATA (WS FORM: F-6)

                                          STATION:   SOUTH LAKE TAHOE CA
                                          MONTH:     APRIL
                                          YEAR:      2015
                                          LATITUDE:   38 53 N
                                          LONGITUDE: 119 60 W

  TEMPERATURE IN F:       :PCPN:    SNOW:  WIND      :SUNSHINE: SKY     :PK WND
================================================================================
1   2   3   4   5  6A  6B    7    8   9   10  11  12  13   14  15   16   17  18
                                     12Z  AVG MX 2MIN
DY MAX MIN AVG DEP HDD CDD  WTR  SNW DPTH SPD SPD DIR MIN PSBL S-S WX    SPD DR
================================================================================

 1  51  23  37  -1  28   0 0.01    T    0  4.2 21 190   M    M   M        29 180
 2  50  28  39   1  26   0    T    T    0  5.7 15  70   M    M   M        23  90
 3  58  19  39   1  26   0 0.00  0.0    0  4.7 17 180   M    M   M        27 190
 4  56  29  43   5  22   0 0.00  0.0    0 10.3 28 190   M    M   M        40 180
 5  44  28  36  -2  29   0 0.09  1.1    0 13.5 32 200   M    M   M 1      46 180
 6  44  23  34  -4  31   0 0.00  0.0    T  8.7 20 190   M    M   M        25 180
 7  37  26  32  -7  33   0 0.17  2.5    0  9.1 22 190   M    M   M        31 190
 8  47  23  35  -4  30   0    T    T    2  3.5 12 200   M    M   M        17 190
 9  54  22  38  -1  27   0 0.00  0.0    T  4.0 14  30   M    M   M        19  30
10  57  27  42   3  23   0 0.00  0.0    0  4.5 17 190   M    M   M        24 190
11  58  28  43   4  22   0 0.00  0.0    0  4.3 15 200   M    M   M        24 220
12  66  26  46   6  19   0 0.00  0.0    0  3.3 13  40   M    M   M        16  20
13  66  24  45   5  20   0 0.00  0.0    0 11.1 35 190   M    M   M        51 190
14  45  31  38  -2  27   0 0.01    T    0  8.7 29 190   M    M   M        42 190
15  55  21  38  -2  27   0 0.00  0.0    0  5.1 20  30   M    M   M        25  30
16  60  28  44   4  21   0 0.00  0.0    0  2.8 13  50   M    M   M        19  60
17  66  24  45   5  20   0 0.00  0.0    0  3.5 12  40   M    M   M        19  30
18  68  28  48   7  17   0 0.00  0.0    0  3.0 12  30   M    M   M        17  10
19  67  32  50   9  15   0 0.00  0.0    0  4.1 18 190   M    M   M        26 190
20  70  29  50   9  15   0 0.00  0.0    0  3.7 17 180   M    M   M        24 210
21  63  30  47   6  18   0 0.01  0.0    0  4.2 22 200   M    M   M 3      28 200
22  63  37  50   8  15   0    T  0.0    0  4.7 15  30   M    M   M 3      21  30
23  63  33  48   6  17   0    T  0.0    0  5.8 20 190   M    M   M 3      24 190
24  48  36  42   0  23   0 0.17    T    0 10.4 22 180   M    M   M 13     30 180
25  45  32  39  -3  26   0 0.89    M    M  5.3 15 190   M    M   M 1      23 210
26  56  29  43   0  22   0 0.00  0.0    M  4.0 12  40   M    M   M        17  40
================================================================================
SM 1457  716       599   0  1.35     3.6 152.2          M        M
================================================================================
AV 56.0 27.5                               5.9 FASTST   M    M  -1    MAX(MPH)
                                 MISC ---->  # 35 190               # 51  190
================================================================================
NOTES:
# LAST OF SEVERAL OCCURRENCES

COLUMN 17 PEAK WIND IN M.P.H.

PRELIMINARY LOCAL CLIMATOLOGICAL DATA (WS FORM: F-6) , PAGE 2

                                          STATION:  SOUTH LAKE TAHOE CA
                                          MONTH:    APRIL
                                          YEAR:     2015
                                          LATITUDE:   38 53 N
                                          LONGITUDE: 119 60 W

[TEMPERATURE DATA]      [PRECIPITATION DATA]       SYMBOLS USED IN COLUMN 16

AVERAGE MONTHLY: 41.8   TOTAL FOR MONTH:   1.35    1 = FOG OR MIST
DPTR FM NORMAL:   1.9   DPTR FM NORMAL:    0.43    2 = FOG REDUCING VISIBILITY
HIGHEST:    70 ON 20    GRTST 24HR  0.92 ON 24-25      TO 1/4 MILE OR LESS
LOWEST:     19 ON  3                               3 = THUNDER
                        SNOW, ICE PELLETS, HAIL    4 = ICE PELLETS
                        TOTAL MONTH:   3.6 INCHES  5 = HAIL
                        GRTST 24HR   2.5 ON  7- 7  6 = FREEZING RAIN OR DRIZZLE
                        GRTST DEPTH:   2 ON  8     7 = DUSTSTORM OR SANDSTORM:
                                                       VSBY 1/2 MILE OR LESS
                                                   8 = SMOKE OR HAZE
[NO. OF DAYS WITH]      [WEATHER - DAYS WITH]      9 = BLOWING SNOW
                                                   X = TORNADO
MAX 32 OR BELOW:   0    0.01 INCH OR MORE:   7
MAX 90 OR ABOVE:   0    0.10 INCH OR MORE:   3
MIN 32 OR BELOW:  23    0.50 INCH OR MORE:   1
MIN  0 OR BELOW:   0    1.00 INCH OR MORE:   0

[HDD (BASE 65) ]
TOTAL THIS MO.   599    CLEAR  (SCALE 0-3)   0
DPTR FM NORMAL   -53    PTCLDY (SCALE 4-7)   0
TOTAL FM JUL 1  5108    CLOUDY (SCALE 8-10)  0
DPTR FM NORMAL -1696

[CDD (BASE 65) ]
TOTAL THIS MO.     0
DPTR FM NORMAL     0    [PRESSURE DATA]
TOTAL FM JAN 1     0    HIGHEST SLP M ON M
DPTR FM NORMAL     0    LOWEST  SLP 29.66 ON  7

[REMARKS]
