000
CDUS41 KPHI 260630
CLIABE


CLIMATE REPORT
NATIONAL WEATHER SERVICE MOUNT HOLLY NJ
228 AM EDT SUN APR 26 2015


...................................

...THE ALLENTOWN PA CLIMATE SUMMARY FOR APRIL 25 2015...

CLIMATE NORMAL PERIOD 1981 TO 2010
CLIMATE RECORD PERIOD 1922 TO 2015


WEATHER ITEM   OBSERVED TIME   RECORD YEAR NORMAL DEPARTURE LAST
                VALUE   (LST)  VALUE       VALUE  FROM      YEAR
                                                  NORMAL
..................................................................
TEMPERATURE (F)
 YESTERDAY
  MAXIMUM         59    441 PM  89    1960  65     -6       68
  MINIMUM         27R   240 AM  27    1956  42    -15       34
                                      1936
  AVERAGE         43                        53    -10       51

PRECIPITATION (IN)
  YESTERDAY        0.00          1.64 1952   0.12  -0.12     0.43
  MONTH TO DATE    1.77                      2.97  -1.20     3.06
  SINCE MAR 1      6.24                      6.36  -0.12     5.50
  SINCE JAN 1     10.79                     12.09  -1.30    14.49

SNOWFALL (IN)
  YESTERDAY        0.0           T    1983   0.1   -0.1      0.0
  MONTH TO DATE    T                         1.0   -1.0      0.3
  SINCE MAR 1     17.8                       5.9   11.9      1.4
  SINCE JUL 1     50.1                      32.9   17.2     68.1
  SNOW DEPTH       0

DEGREE DAYS
 HEATING
  YESTERDAY       22                        12     10       14
  MONTH TO DATE  358                       401    -43      389
  SINCE MAR 1   1312                      1204    108     1351
  SINCE JUL 1   5793                      5513    280     5949

 COOLING
  YESTERDAY        0                         0      0        0
  MONTH TO DATE    0                         0      0        7
  SINCE MAR 1      0                         0      0        7
  SINCE JAN 1      0                         0      0        7
..................................................................


WIND (MPH)
  HIGHEST WIND SPEED    14   HIGHEST WIND DIRECTION     W (260)
  HIGHEST GUST SPEED    21   HIGHEST GUST DIRECTION     W (250)
  AVERAGE WIND SPEED     4.4


SKY COVER
  POSSIBLE SUNSHINE  MM
  AVERAGE SKY COVER 0.0


WEATHER CONDITIONS
 THE FOLLOWING WEATHER WAS RECORDED YESTERDAY.
  NO SIGNIFICANT WEATHER WAS OBSERVED.


RELATIVE HUMIDITY (PERCENT)
 HIGHEST    63           300 AM
 LOWEST     28           300 PM
 AVERAGE    46

..........................................................


THE ALLENTOWN PA CLIMATE NORMALS FOR TODAY
                         NORMAL    RECORD    YEAR
 MAXIMUM TEMPERATURE (F)   65        92      1990
 MINIMUM TEMPERATURE (F)   42        30      2001
                                             1967
                                             1934


SUNRISE AND SUNSET
APRIL 26 2015.........SUNRISE   607 AM EDT   SUNSET   752 PM EDT
APRIL 27 2015.........SUNRISE   606 AM EDT   SUNSET   753 PM EDT


-  INDICATES NEGATIVE NUMBERS.
R  INDICATES RECORD WAS SET OR TIED.
MM INDICATES DATA IS MISSING.
T  INDICATES TRACE AMOUNT.




$$
