000
CDUS44 KSJT 030651
CLIABI


CLIMATE REPORT
NATIONAL WEATHER SERVICE SAN ANGELO TX
151 AM CDT SUN MAY 3 2015


...................................

...THE ABILENE CLIMATE SUMMARY FOR MAY 2 2015...

CLIMATE NORMAL PERIOD 1981 TO 2010
CLIMATE RECORD PERIOD 1886 TO 2015


WEATHER ITEM   OBSERVED TIME   RECORD YEAR NORMAL DEPARTURE LAST
                VALUE   (LST)  VALUE       VALUE  FROM      YEAR
                                                  NORMAL
..................................................................
TEMPERATURE (F)
 YESTERDAY
  MAXIMUM         83    428 PM 100    1927  81      2       82
  MINIMUM         55    618 AM  37    1967  57     -2       48
  AVERAGE         69                        69      0       65

PRECIPITATION (IN)
  YESTERDAY        0.00          4.72 1990   0.09  -0.09     0.00
  MONTH TO DATE    0.00                      0.17  -0.17     0.00
  SINCE MAR 1      3.78                      3.55   0.23     1.28
  SINCE JAN 1      7.29                      5.93   1.36     1.77

DEGREE DAYS
 HEATING
  YESTERDAY        0                         1     -1        0
  MONTH TO DATE    0                         2     -2        8
  SINCE MAR 1    389                       411    -22      443
  SINCE JUL 1   2466                      2544    -78     2805

 COOLING
  YESTERDAY        4                         6     -2        0
  MONTH TO DATE    7                        11     -4        0
  SINCE MAR 1    174                       139     35      195
  SINCE JAN 1    178                       144     34      200
..................................................................


WIND (MPH)
  HIGHEST WIND SPEED    21   HIGHEST WIND DIRECTION     S (170)
  HIGHEST GUST SPEED    26   HIGHEST GUST DIRECTION    SE (150)
  AVERAGE WIND SPEED    11.5


SKY COVER
  POSSIBLE SUNSHINE  MM
  AVERAGE SKY COVER 0.0


WEATHER CONDITIONS
 THE FOLLOWING WEATHER WAS RECORDED YESTERDAY.
  NO SIGNIFICANT WEATHER WAS OBSERVED.


RELATIVE HUMIDITY (PERCENT)
 HIGHEST    83           500 AM
 LOWEST     31           500 PM
 AVERAGE    57

..........................................................


THE ABILENE CLIMATE NORMALS FOR TODAY
                         NORMAL    RECORD    YEAR
 MAXIMUM TEMPERATURE (F)   82        99      1920
 MINIMUM TEMPERATURE (F)   57        33      2013


SUNRISE AND SUNSET
MAY  3 2015...........SUNRISE   650 AM CDT   SUNSET   821 PM CDT
MAY  4 2015...........SUNRISE   650 AM CDT   SUNSET   822 PM CDT


-  INDICATES NEGATIVE NUMBERS.
R  INDICATES RECORD WAS SET OR TIED.
MM INDICATES DATA IS MISSING.
T  INDICATES TRACE AMOUNT.




$$
