000
CDUS44 KSJT 020716
CLIABI


CLIMATE REPORT
NATIONAL WEATHER SERVICE SAN ANGELO TX
216 AM CDT THU APR 2 2015


...................................

...THE ABILENE CLIMATE SUMMARY FOR APRIL 1 2015...

CLIMATE NORMAL PERIOD 1981 TO 2010
CLIMATE RECORD PERIOD 1886 TO 2015


WEATHER ITEM   OBSERVED TIME   RECORD YEAR NORMAL DEPARTURE LAST
                VALUE   (LST)  VALUE       VALUE  FROM      YEAR
                                                  NORMAL
..................................................................
TEMPERATURE (F)
 YESTERDAY
  MAXIMUM         86    315 PM  98    1946  74     12       86
  MINIMUM         65    717 AM  27    1899  48     17       54
  AVERAGE         76                        61     15       70

PRECIPITATION (IN)
  YESTERDAY        T             2.03 1916   0.05  -0.05     0.00
  MONTH TO DATE    T                         0.05  -0.05     0.00
  SINCE MAR 1      1.60                      1.79  -0.19     0.67
  SINCE JAN 1      5.11                      4.17   0.94     1.16

SNOWFALL (IN)
  YESTERDAY        0.0           T    1949   0.0    0.0      0.0
  MONTH TO DATE    0.0                       0.0    0.0      0.0
  SINCE NOV 1      3.8                       4.4   -0.6      3.1
  SINCE JUL 1      3.8                       4.4   -0.6      3.1

DEGREE DAYS
 HEATING
  YESTERDAY        0                         6     -6        0
  MONTH TO DATE    0                         6     -6        0
  SINCE MAR 1    326                       304     22      340
  SINCE JUL 1   2403                      2437    -34     2702

 COOLING
  YESTERDAY       11                         2      9        5
  MONTH TO DATE   11                         2      9        5
  SINCE MAR 1     58                        31     27       44
  SINCE JAN 1     62                        36     26       49
..................................................................


WIND (MPH)
  HIGHEST WIND SPEED    26   HIGHEST WIND DIRECTION    SE (150)
  HIGHEST GUST SPEED    33   HIGHEST GUST DIRECTION    SW (210)
  AVERAGE WIND SPEED    13.2


SKY COVER
  POSSIBLE SUNSHINE  MM
  AVERAGE SKY COVER 0.3


WEATHER CONDITIONS
 THE FOLLOWING WEATHER WAS RECORDED YESTERDAY.
  LIGHT RAIN
  HAZE


RELATIVE HUMIDITY (PERCENT)
 HIGHEST    87           600 AM
 LOWEST     31           400 PM
 AVERAGE    59

..........................................................


THE ABILENE CLIMATE NORMALS FOR TODAY
                         NORMAL    RECORD    YEAR
 MAXIMUM TEMPERATURE (F)   74        93      1903
 MINIMUM TEMPERATURE (F)   48        28      1896


SUNRISE AND SUNSET
APRIL  2 2015.........SUNRISE   726 AM CDT   SUNSET   759 PM CDT
APRIL  3 2015.........SUNRISE   725 AM CDT   SUNSET   800 PM CDT


-  INDICATES NEGATIVE NUMBERS.
R  INDICATES RECORD WAS SET OR TIED.
MM INDICATES DATA IS MISSING.
T  INDICATES TRACE AMOUNT.




$$
