000
CDUS42 KTAE 050632
CLIABY


CLIMATE REPORT
NATIONAL WEATHER SERVICE TALLAHASSEE FL
232 AM EDT TUE MAY 5 2015


...................................

...THE ALBANY CLIMATE SUMMARY FOR MAY 4 2015...

CLIMATE NORMAL PERIOD 1981 TO 2010
CLIMATE RECORD PERIOD 1930 TO 2015


WEATHER ITEM   OBSERVED TIME   RECORD YEAR NORMAL DEPARTURE LAST
                VALUE   (LST)  VALUE       VALUE  FROM      YEAR
                                                  NORMAL
..................................................................
TEMPERATURE (F)
 YESTERDAY
  MAXIMUM         84    444 PM  95    2002  84      0       87
  MINIMUM         56    632 AM  39    1971  58     -2       52
  AVERAGE         70                        71     -1       70

PRECIPITATION (IN)
  YESTERDAY        0.00                      0.08  -0.08    MM
  MONTH TO DATE    0.00                      0.29  -0.29     0.05
  SINCE MAR 1      7.35                      8.98  -1.63    10.78
  SINCE JAN 1     14.68                     17.96  -3.28    16.02

SNOWFALL (IN)
  YESTERDAY        0.0

DEGREE DAYS
 HEATING
  YESTERDAY        0                         0      0        0
  MONTH TO DATE    2                         0      2        5
  SINCE MAR 1    125                       274   -149      343
  SINCE JUL 1   1849                      1834     15     1939

 COOLING
  YESTERDAY        5                         7     -2        5
  MONTH TO DATE    7                        25    -18        7
  SINCE MAR 1    253                       156     97      103
  SINCE JAN 1    255                       165     90      107
..................................................................


WIND (MPH)
  HIGHEST WIND SPEED    17   HIGHEST WIND DIRECTION     E (110)
  HIGHEST GUST SPEED    24   HIGHEST GUST DIRECTION    SE (140)
  AVERAGE WIND SPEED     4.3




RELATIVE HUMIDITY (PERCENT)
 HIGHEST    86
 LOWEST     29
 AVERAGE    58

..........................................................


THE ALBANY CLIMATE NORMALS FOR TODAY
                         NORMAL    RECORD    YEAR
 MAXIMUM TEMPERATURE (F)   85        96      1955
 MINIMUM TEMPERATURE (F)   58        39      1971


SUNRISE AND SUNSET
MAY  5 2015...........SUNRISE   648 AM EDT   SUNSET   819 PM EDT
MAY  6 2015...........SUNRISE   647 AM EDT   SUNSET   820 PM EDT


-  INDICATES NEGATIVE NUMBERS.
R  INDICATES RECORD WAS SET OR TIED.
MM INDICATES DATA IS MISSING.
T  INDICATES TRACE AMOUNT.




$$
