000
CDUS41 KPHI 060630
CLIACY


CLIMATE REPORT
NATIONAL WEATHER SERVICE MOUNT HOLLY NJ
230 AM EDT WED MAY 6 2015


...................................

...THE ATLANTIC CITY NJ CLIMATE SUMMARY FOR MAY 5 2015...

CLIMATE NORMAL PERIOD 1981 TO 2010
CLIMATE RECORD PERIOD 1874 TO 2015


WEATHER ITEM   OBSERVED TIME   RECORD YEAR NORMAL DEPARTURE LAST
                VALUE   (LST)  VALUE       VALUE  FROM      YEAR
                                                  NORMAL
..................................................................
TEMPERATURE (F)
 YESTERDAY
  MAXIMUM         86    311 PM  87    2000  68     18       68
  MINIMUM         62    143 AM  32    2003  48     14       46
                                      1976
  AVERAGE         74                        58     16       57

PRECIPITATION (IN)
  YESTERDAY        0.08          0.98 1878   0.10  -0.02     0.00
  MONTH TO DATE    0.08                      0.49  -0.41     0.03
  SINCE MAR 1      9.27                      8.33   0.94     9.40
  SINCE JAN 1     17.33                     14.42   2.91    17.95

SNOWFALL (IN)
  YESTERDAY        0.0           0.0  1903   0.0    0.0      0.0
  MONTH TO DATE    0.0                       0.0    0.0      0.0
  SINCE MAR 1      7.4                       1.4    6.0     15.6
  SINCE JUL 1     22.4                      16.5    5.9     43.8
  SNOW DEPTH       0

DEGREE DAYS
 HEATING
  YESTERDAY        0                         8     -8        8
  MONTH TO DATE   31                        43    -12       30
  SINCE MAR 1   1230                      1156     74     1343
  SINCE JUL 1   5105                      4747    358     5206

 COOLING
  YESTERDAY        9                         1      8        0
  MONTH TO DATE   10                         5      5        1
  SINCE MAR 1     10                        14     -4        1
  SINCE JAN 1     10                        14     -4        1
..................................................................


WIND (MPH)
  HIGHEST WIND SPEED    21   HIGHEST WIND DIRECTION     W (260)
  HIGHEST GUST SPEED    28   HIGHEST GUST DIRECTION     W (270)
  AVERAGE WIND SPEED     8.1


SKY COVER
  POSSIBLE SUNSHINE  MM
  AVERAGE SKY COVER 0.3


WEATHER CONDITIONS
 THE FOLLOWING WEATHER WAS RECORDED YESTERDAY.
  LIGHT RAIN
  FOG


RELATIVE HUMIDITY (PERCENT)
 HIGHEST    67           600 AM
 LOWEST     34          1200 PM
 AVERAGE    51

..........................................................


THE ATLANTIC CITY NJ CLIMATE NORMALS FOR TODAY
                         NORMAL    RECORD    YEAR
 MAXIMUM TEMPERATURE (F)   68        91      1986
 MINIMUM TEMPERATURE (F)   48        33      1891


SUNRISE AND SUNSET
MAY  6 2015...........SUNRISE   554 AM EDT   SUNSET   757 PM EDT
MAY  7 2015...........SUNRISE   553 AM EDT   SUNSET   757 PM EDT


-  INDICATES NEGATIVE NUMBERS.
R  INDICATES RECORD WAS SET OR TIED.
MM INDICATES DATA IS MISSING.
T  INDICATES TRACE AMOUNT.




$$
