000
CDUS42 KFFC 260831
CLIAHN


CLIMATE REPORT
NATIONAL WEATHER SERVICE PEACHTREE CITY GA
431 AM EDT SUN APR 26 2015


...................................

...THE ATHENS CLIMATE SUMMARY FOR APRIL 25 2015...

CLIMATE NORMAL PERIOD 1981 TO 2010
CLIMATE RECORD PERIOD 1898 TO 2015


WEATHER ITEM   OBSERVED TIME   RECORD YEAR NORMAL DEPARTURE LAST
                VALUE   (LST)  VALUE       VALUE  FROM      YEAR
                                                  NORMAL
..................................................................
TEMPERATURE (F)
 YESTERDAY
  MAXIMUM         78    517 PM  92    1925  76      2       82
  MINIMUM         56    802 AM  36    2005  52      4       59
                                      1974
  AVERAGE         67                        64      3       71

PRECIPITATION (IN)
  YESTERDAY        0.60          2.16 1965   0.10   0.50     0.00
  MONTH TO DATE    7.39                      2.64   4.75     3.99
  SINCE MAR 1     10.18                      7.07   3.11     7.36
  SINCE JAN 1     17.15                     15.60   1.55    16.00

SNOWFALL (IN)
  YESTERDAY        0.0           0.0  2002   0.0    0.0      0.0
                                      2001
                                      2000
  MONTH TO DATE    0.0                       0.1   -0.1      0.0
  SINCE MAR 1      0.0                       0.9   -0.9      0.0
  SINCE JUL 1      T                         3.0   -3.0      2.8
  SNOW DEPTH       0

DEGREE DAYS
 HEATING
  YESTERDAY        0                         3     -3        0
  MONTH TO DATE   50                       133    -83      123
  SINCE MAR 1    303                       473   -170      532
  SINCE JUL 1   2809                      2728     81     2994

 COOLING
  YESTERDAY        2                         2      0        6
  MONTH TO DATE   66                        34     32       31
  SINCE MAR 1     73                        44     29       31
  SINCE JAN 1     73                        45     28       32
..................................................................


WIND (MPH)
  RESULTANT WIND SPEED   1   RESULTANT WIND DIRECTION   S (160)
  HIGHEST WIND SPEED    10   HIGHEST WIND DIRECTION    SW (240)
  HIGHEST GUST SPEED    19   HIGHEST GUST DIRECTION     S (170)
  AVERAGE WIND SPEED     3.0


SKY COVER
  POSSIBLE SUNSHINE  MM
  AVERAGE SKY COVER 0.6


WEATHER CONDITIONS
 THE FOLLOWING WEATHER WAS RECORDED YESTERDAY.
  HEAVY RAIN
  RAIN
  LIGHT RAIN
  FOG


RELATIVE HUMIDITY (PERCENT)
 HIGHEST   100           700 AM
 LOWEST     52          1200 AM
 AVERAGE    76

..........................................................


THE ATHENS CLIMATE NORMALS FOR TODAY
                         NORMAL    RECORD    YEAR
 MAXIMUM TEMPERATURE (F)   77        91      1942
 MINIMUM TEMPERATURE (F)   52        33      1919


SUNRISE AND SUNSET
APRIL 26 2015.........SUNRISE   650 AM EDT   SUNSET   813 PM EDT
APRIL 27 2015.........SUNRISE   649 AM EDT   SUNSET   814 PM EDT


-  INDICATES NEGATIVE NUMBERS.
R  INDICATES RECORD WAS SET OR TIED.
MM INDICATES DATA IS MISSING.
T  INDICATES TRACE AMOUNT.




$$
