000
CDUS45 KBOU 040725
CLIAKO


CLIMATE REPORT
NATIONAL WEATHER SERVICE BOULDER, CO
125 AM MDT MON MAY 4 2015


...................................

...THE AKRON CO CLIMATE SUMMARY FOR MAY 3 2015...

CLIMATE NORMAL PERIOD 1981 TO 2010
CLIMATE RECORD PERIOD 9999 TO 9999


WEATHER ITEM   OBSERVED TIME   RECORD YEAR NORMAL DEPARTURE LAST
                VALUE   (LST)  VALUE       VALUE  FROM      YEAR
                                                  NORMAL
..................................................................
TEMPERATURE (F)
 YESTERDAY
  MAXIMUM         77    243 PM  91    1949  67     10
  MINIMUM         49    333 AM  24    1954  39     10
  AVERAGE         63                        53     10

PRECIPITATION (IN)
  YESTERDAY        T             1.25 1987   0.08  -0.08     0.00
  MONTH TO DATE    0.04                      0.23  -0.19      T
  SINCE MAR 1      1.75                      2.75  -1.00     1.19
  SINCE JAN 1      2.03                      3.49  -1.46     1.62

DEGREE DAYS
 HEATING
  YESTERDAY        2
  MONTH TO DATE   11

 COOLING
  YESTERDAY        0
  MONTH TO DATE    0
..................................................................


WIND (MPH)
  HIGHEST WIND SPEED    28   HIGHEST WIND DIRECTION     N (340)
  HIGHEST GUST SPEED    33   HIGHEST GUST DIRECTION    NW (330)




RELATIVE HUMIDITY (PERCENT)
 HIGHEST    74
 LOWEST     23
 AVERAGE    49

..........................................................


THE AKRON CO CLIMATE NORMALS FOR TODAY
                         NORMAL    RECORD    YEAR
 MAXIMUM TEMPERATURE (F)   67        87      2012
                                             2000
 MINIMUM TEMPERATURE (F)   40        26      1955


SUNRISE AND SUNSET
MAY  4 2015...........SUNRISE   549 AM MDT   SUNSET   751 PM MDT
MAY  5 2015...........SUNRISE   548 AM MDT   SUNSET   752 PM MDT


-  INDICATES NEGATIVE NUMBERS.
R  INDICATES RECORD WAS SET OR TIED.
MM INDICATES DATA IS MISSING.
T  INDICATES TRACE AMOUNT.




$$
