000
CDUS44 KAMA 252135
CLIAMA


CLIMATE REPORT
NATIONAL WEATHER SERVICE AMARILLO TX
434 PM CDT SAT APR 25 2015


...................................

...THE AMARILLO CLIMATE SUMMARY FOR APRIL 25 2015...
VALID TODAY AS OF 0400 PM LOCAL TIME.

CLIMATE NORMAL PERIOD 1981 TO 2010
CLIMATE RECORD PERIOD 1892 TO 2015


WEATHER ITEM   OBSERVED TIME   RECORD YEAR NORMAL DEPARTURE LAST
                VALUE   (LST)  VALUE       VALUE  FROM      YEAR
                                                  NORMAL
..................................................................
TEMPERATURE (F)
 TODAY
  MAXIMUM         81    305 PM  99    2012  74      7       90
  MINIMUM         52    617 AM  32    1997  45      7       50
                                      1907
  AVERAGE         67                        59      8       70

PRECIPITATION (IN)
  TODAY            0.00          1.56 1997   0.05  -0.05     0.00
  MONTH TO DATE    1.21                      1.14   0.07     0.57
  SINCE MAR 1      1.42                      2.53  -1.11     0.77
  SINCE JAN 1      3.50                      3.81  -0.31     1.16

SNOWFALL (IN)
  TODAY            0.0           6.5  1997   0.0    0.0      0.0
  MONTH TO DATE    T                         0.6   -0.6      0.4
  SINCE MAR 1      0.1                       3.5   -3.4      0.7
  SINCE JUL 1     23.9                      17.5    6.4     12.8
  SNOW DEPTH       0

DEGREE DAYS
 HEATING
  TODAY            0                         7     -7        0
  MONTH TO DATE  140                       250   -110      208
  SINCE MAR 1    580                       782   -202      767
  SINCE JUL 1   3705                      4059   -354     4120

 COOLING
  TODAY            2                         1      1        5
  MONTH TO DATE   20                        11      9       21
  SINCE MAR 1     22                        13      9       21
  SINCE JAN 1     22                        13      9       21
..................................................................


WIND (MPH)
  RESULTANT WIND SPEED  14   RESULTANT WIND DIRECTION   W (260)
  HIGHEST WIND SPEED    24   HIGHEST WIND DIRECTION     W (280)
  HIGHEST GUST SPEED    31   HIGHEST GUST DIRECTION     W (260)
  AVERAGE WIND SPEED    15.1


SKY COVER
  AVERAGE SKY COVER 0.0


WEATHER CONDITIONS
 THE FOLLOWING WEATHER WAS RECORDED TODAY.
  NO SIGNIFICANT WEATHER WAS OBSERVED.


RELATIVE HUMIDITY (PERCENT)
 HIGHEST    44           600 AM
 LOWEST     15           200 PM
 AVERAGE    30

..........................................................


THE AMARILLO CLIMATE NORMALS FOR TOMORROW
                         NORMAL    RECORD    YEAR
 MAXIMUM TEMPERATURE (F)   74        92      1927
 MINIMUM TEMPERATURE (F)   45        29      1924


SUNRISE AND SUNSET
APRIL 25 2015.........SUNRISE   703 AM CDT   SUNSET   828 PM CDT
APRIL 26 2015.........SUNRISE   701 AM CDT   SUNSET   828 PM CDT


-  INDICATES NEGATIVE NUMBERS.
R  INDICATES RECORD WAS SET OR TIED.
MM INDICATES DATA IS MISSING.
T  INDICATES TRACE AMOUNT.




$$
