000
CDUS42 KJAX 052126
CLIAMG


CLIMATE REPORT
NATIONAL WEATHER SERVICE JACKSONVILLE FL
526 PM EDT TUE MAY 5 2015


...................................

...THE ALMA CLIMATE SUMMARY FOR MAY 5 2015...
VALID TODAY AS OF 0500 PM LOCAL TIME.

CLIMATE NORMAL PERIOD 1981 TO 2010
CLIMATE RECORD PERIOD 1948 TO 2015


WEATHER ITEM   OBSERVED TIME   RECORD YEAR NORMAL DEPARTURE LAST
                VALUE   (LST)  VALUE       VALUE  FROM      YEAR
                                                  NORMAL
..................................................................
TEMPERATURE (F)
 TODAY
  MAXIMUM         80    321 PM  94    2012  83     -3       91
  MINIMUM         56    236 AM  43    1971  58     -2       56
  AVERAGE         68                        71     -3       74

PRECIPITATION (IN)
  TODAY            0.00          1.46 2013   0.07  -0.07     0.00
  MONTH TO DATE    0.00                      0.34  -0.34     0.45
  SINCE MAR 1      6.16                      7.90  -1.74    11.33
  SINCE JAN 1     11.99                     15.96  -3.97    14.85

SNOWFALL (IN)
  TODAY            0.0           0.0    MM   0.0    0.0      0.0
  MONTH TO DATE    0.0                       0.0    0.0      0.0
  SINCE MAR 1      0.0                       0.0    0.0      0.0
  SINCE JUL 1      0.0                       0.1   -0.1       T
  SNOW DEPTH       0

DEGREE DAYS
 HEATING
  TODAY            0                         0      0        0
  MONTH TO DATE    4                         3      1        1
  SINCE MAR 1    145                       255   -110      338
  SINCE JUL 1   1820                      1656    164     1805

 COOLING
  TODAY            3                         6     -3        9
  MONTH TO DATE    7                        29    -22       13
  SINCE MAR 1    231                       167     64      107
  SINCE JAN 1    234                       183     51      115
..................................................................


WIND (MPH)
  HIGHEST WIND SPEED    10   HIGHEST WIND DIRECTION     E (100)
  HIGHEST GUST SPEED    16   HIGHEST GUST DIRECTION     E (100)
  AVERAGE WIND SPEED     5.0


SKY COVER
  POSSIBLE SUNSHINE  MM
  AVERAGE SKY COVER 0.2


WEATHER CONDITIONS
 THE FOLLOWING WEATHER WAS RECORDED TODAY.
  NO SIGNIFICANT WEATHER WAS OBSERVED.


RELATIVE HUMIDITY (PERCENT)
 HIGHEST    93           100 AM
 LOWEST     45          1200 PM
 AVERAGE    69

..........................................................


THE ALMA CLIMATE NORMALS FOR TOMORROW
                         NORMAL    RECORD    YEAR
 MAXIMUM TEMPERATURE (F)   84        95      2012
 MINIMUM TEMPERATURE (F)   59        44      1957


SUNRISE AND SUNSET
MAY  5 2015...........SUNRISE   641 AM EDT   SUNSET   812 PM EDT
MAY  6 2015...........SUNRISE   641 AM EDT   SUNSET   813 PM EDT


-  INDICATES NEGATIVE NUMBERS.
R  INDICATES RECORD WAS SET OR TIED.
MM INDICATES DATA IS MISSING.
T  INDICATES TRACE AMOUNT.




$$
