000
CDUS42 KMFL 062021
CLIAPF


CLIMATE REPORT
NATIONAL WEATHER SERVICE MIAMI, FL
421 PM EDT WED MAY 6 2015


...................................

...THE NAPLES CLIMATE SUMMARY FOR MAY 6 2015...
VALID TODAY AS OF 0400 PM LOCAL TIME.

CLIMATE NORMAL PERIOD 1981 TO 2010
CLIMATE RECORD PERIOD 1942 TO 2015


WEATHER ITEM   OBSERVED TIME   RECORD YEAR NORMAL DEPARTURE LAST
                VALUE   (LST)  VALUE       VALUE  FROM      YEAR
                                                  NORMAL
..................................................................
TEMPERATURE (F)
 TODAY
  MAXIMUM         86   1223 PM  94    2002  87     -1       85
                                      1984
  MINIMUM         69    554 AM  52    1963  67      2       67
  AVERAGE         78                        77      1       76

PRECIPITATION (IN)
  TODAY            0.00          0.50 1985   0.09  -0.09     0.00
  MONTH TO DATE    0.00                      0.45  -0.45     0.10
  SINCE NOV 1      6.14                     12.63  -6.49     8.06
  SINCE JAN 1      4.84                      9.14  -4.30     6.96

SNOWFALL (IN)
  TODAY            0.0
  MONTH TO DATE    0.0
  SINCE MAR 1      0.0
  SINCE JUL 1      0.0
  SNOW DEPTH       0

DEGREE DAYS
 HEATING
  TODAY            0                         0      0        0
  MONTH TO DATE    0                         0      0        0
  SINCE MAR 1      1                        27    -26        7
  SINCE JUL 1    198                       260    -62      149

 COOLING
  TODAY           13                        12      1       11
  MONTH TO DATE   63                        67     -4       77
  SINCE MAR 1    780                       496    284      538
  SINCE JAN 1    956                       687    269      811
..................................................................


WIND (MPH)
  HIGHEST WIND SPEED    17   HIGHEST WIND DIRECTION     W (280)
  HIGHEST GUST SPEED    21   HIGHEST GUST DIRECTION     W (280)
  AVERAGE WIND SPEED     6.8


SKY COVER
  AVERAGE SKY COVER 0.1


WEATHER CONDITIONS
 THE FOLLOWING WEATHER WAS RECORDED TODAY.
  HAZE


RELATIVE HUMIDITY (PERCENT)
 HIGHEST    90
 LOWEST     48
 AVERAGE    69

..........................................................


THE NAPLES CLIMATE NORMALS FOR TOMORROW
                         NORMAL    RECORD    YEAR
 MAXIMUM TEMPERATURE (F)   87        94      1984
 MINIMUM TEMPERATURE (F)   67        55      1970
                                             1962


SUNRISE AND SUNSET
MAY  6 2015...........SUNRISE   646 AM EDT   SUNSET   801 PM EDT
MAY  7 2015...........SUNRISE   646 AM EDT   SUNSET   802 PM EDT


-  INDICATES NEGATIVE NUMBERS.
R  INDICATES RECORD WAS SET OR TIED.
MM INDICATES DATA IS MISSING.
T  INDICATES TRACE AMOUNT.




$$
