000
CDUS43 KAPX 050538
CLIAPN


CLIMATE REPORT
NATIONAL WEATHER SERVICE GAYLORD MI
138 AM EDT TUE MAY 5 2015


...................................

...THE ALPENA MI CLIMATE SUMMARY FOR MAY 4 2015...

CLIMATE NORMAL PERIOD 1981 TO 2010
CLIMATE RECORD PERIOD 1916 TO 2015


WEATHER ITEM   OBSERVED TIME   RECORD YEAR NORMAL DEPARTURE LAST
                VALUE   (LST)  VALUE       VALUE  FROM      YEAR
                                                  NORMAL
..................................................................
TEMPERATURE (F)
 YESTERDAY
  MAXIMUM         73    213 PM  88    1949  60     13       53
  MINIMUM         46   1159 PM  21    2005  37      9       35
                                      1926
  AVERAGE         60                        49     11       44

PRECIPITATION (IN)
  YESTERDAY        0.05          1.36 1938   0.08  -0.03      T
  MONTH TO DATE    0.05                      0.31  -0.26     0.70
  SINCE MAR 1      3.15                      4.56  -1.41     7.36
  SINCE JAN 1      4.94                      7.54  -2.60     9.89

DEGREE DAYS
 HEATING
  YESTERDAY        5                        16    -11       21
  MONTH TO DATE   31                        67    -36       78
  SINCE MAR 1   1909                      1894     15     2258
  SINCE JUL 1   8172                      7626    546     8747

 COOLING
  YESTERDAY        0                         0      0        0
  MONTH TO DATE    0                         0      0        0
  SINCE MAR 1      0                         2     -2        0
  SINCE JAN 1      0                         2     -2        0
..................................................................


WIND (MPH)
  HIGHEST WIND SPEED    24   HIGHEST WIND DIRECTION     N (350)
  HIGHEST GUST SPEED    31   HIGHEST GUST DIRECTION    NW (330)
  AVERAGE WIND SPEED     9.4




RELATIVE HUMIDITY (PERCENT)
 HIGHEST    84
 LOWEST     29
 AVERAGE    57

..........................................................


THE ALPENA MI CLIMATE NORMALS FOR TODAY
                         NORMAL    RECORD    YEAR
 MAXIMUM TEMPERATURE (F)   61        92      1949
 MINIMUM TEMPERATURE (F)   37        22      1967
                                             1958


SUNRISE AND SUNSET
MAY  5 2015...........SUNRISE   618 AM EDT   SUNSET   845 PM EDT
MAY  6 2015...........SUNRISE   617 AM EDT   SUNSET   846 PM EDT


-  INDICATES NEGATIVE NUMBERS.
R  INDICATES RECORD WAS SET OR TIED.
MM INDICATES DATA IS MISSING.
T  INDICATES TRACE AMOUNT.




$$
