000
CDUS43 KLOT 050638
CLIARR


CLIMATE REPORT
NATIONAL WEATHER SERVICE CHICAGO IL
137 AM CDT TUE MAY 5 2015


...................................

...THE AURORA MUNICIPAL AIRPORT CLIMATE SUMMARY FOR MAY 4 2015...

CLIMATE NORMAL PERIOD 1981 TO 2010
CLIMATE RECORD PERIOD 1998 TO 2015


WEATHER ITEM   OBSERVED TIME   RECORD YEAR NORMAL DEPARTURE LAST
                VALUE   (LST)  VALUE       VALUE  FROM      YEAR
                                                  NORMAL
..................................................................
TEMPERATURE (F)
 YESTERDAY
  MAXIMUM         75    407 PM  81    1999  67      8       58
  MINIMUM         53   1159 PM  27    2005  43     10       42
  AVERAGE         64                        55      9       50

PRECIPITATION (IN)
  YESTERDAY        0.19          1.15 2003   0.13   0.06      T
  MONTH TO DATE    0.33                      0.53  -0.20     0.06
  SINCE MAR 1      4.96                      6.06  -1.10     3.37
  SINCE JAN 1      5.64                      9.15  -3.51     5.22

DEGREE DAYS
 HEATING
  YESTERDAY        1                        11    -10       15
  MONTH TO DATE   21                        44    -23       57
  SINCE MAR 1   1415                      1412      3     1631
  SINCE JUL 1   6870                      6550    320     7207

 COOLING
  YESTERDAY        0                         0      0        0
  MONTH TO DATE    1                         0      1        0
  SINCE MAR 1      1                         3     -2        0
  SINCE JAN 1      1                         3     -2        0
..................................................................


WIND (MPH)
  RESULTANT WIND SPEED   0   RESULTANT WIND DIRECTION  SW (210)
  HIGHEST WIND SPEED    26   HIGHEST WIND DIRECTION     S (200)
  HIGHEST GUST SPEED    32   HIGHEST GUST DIRECTION     S (190)
  AVERAGE WIND SPEED     8.0


SKY COVER
  POSSIBLE SUNSHINE  MM
  AVERAGE SKY COVER 0.5


WEATHER CONDITIONS
 THE FOLLOWING WEATHER WAS RECORDED YESTERDAY.
  THUNDERSTORM
  HEAVY RAIN
  RAIN
  LIGHT RAIN
  HAZE


RELATIVE HUMIDITY (PERCENT)
 HIGHEST    78           300 AM
 LOWEST     52          1200 AM
 AVERAGE    65

..........................................................


THE AURORA MUNICIPAL AIRPORT CLIMATE NORMALS FOR TODAY
                         NORMAL    RECORD    YEAR
 MAXIMUM TEMPERATURE (F)   67        85      2000
 MINIMUM TEMPERATURE (F)   43        32      2005


SUNRISE AND SUNSET
MAY  5 2015...........SUNRISE   546 AM CDT   SUNSET   756 PM CDT
MAY  6 2015...........SUNRISE   544 AM CDT   SUNSET   757 PM CDT


-  INDICATES NEGATIVE NUMBERS.
R  INDICATES RECORD WAS SET OR TIED.
MM INDICATES DATA IS MISSING.
T  INDICATES TRACE AMOUNT.




$$
