000
CDUS46 KPQR 181142
CLIAST


CLIMATE REPORT
NATIONAL WEATHER SERVICE PORTLAND OREGON
441 AM PDT SAT APR 18 2015


...................................

...THE ASTORIA OR CLIMATE SUMMARY FOR APRIL 17 2015...

CLIMATE NORMAL PERIOD 1981 TO 2010
CLIMATE RECORD PERIOD 1892 TO 2015


WEATHER ITEM   OBSERVED TIME   RECORD YEAR NORMAL DEPARTURE LAST
                VALUE   (LST)  VALUE       VALUE  FROM      YEAR
                                                  NORMAL
..................................................................
TEMPERATURE (F)
 YESTERDAY
  MAXIMUM         61    108 PM  81    1983  57      4       55
  MINIMUM         40    539 AM  30    1967  41     -1       46
  AVERAGE         51                        49      2       51

PRECIPITATION (IN)
  YESTERDAY        0.00          2.04 1908   0.17  -0.17     0.92
  MONTH TO DATE    2.36                      3.21  -0.85     3.12
  SINCE OCT 1     50.04                     55.07  -5.03    39.90
  SINCE JAN 1     24.42                     28.05  -3.63    27.74

DEGREE DAYS
 HEATING
  YESTERDAY       14                        16     -2       14
  MONTH TO DATE  290                       288      2      259
  SINCE MAR 1    759                       866   -107      775
  SINCE JUL 1   3299                      4208   -909     4204

 COOLING
  YESTERDAY        0                         0      0        0
  MONTH TO DATE    0                         0      0        0
  SINCE MAR 1      0                         0      0        0
  SINCE JAN 1      0                         0      0        0
..................................................................


WIND (MPH)
  HIGHEST WIND SPEED    24   HIGHEST WIND DIRECTION    NW (310)
  HIGHEST GUST SPEED    29   HIGHEST GUST DIRECTION    NW (310)
  AVERAGE WIND SPEED    10.3


SKY COVER
  POSSIBLE SUNSHINE  MM
  AVERAGE SKY COVER 0.2


WEATHER CONDITIONS
 THE FOLLOWING WEATHER WAS RECORDED YESTERDAY.
  FOG
  FOG W/VISIBILITY <= 1/4 MILE


RELATIVE HUMIDITY (PERCENT)
 HIGHEST   100           700 AM
 LOWEST     62          1000 AM
 AVERAGE    81

..........................................................


THE ASTORIA OR CLIMATE NORMALS FOR TODAY
                         NORMAL    RECORD    YEAR
 MAXIMUM TEMPERATURE (F)   57        70      1934
 MINIMUM TEMPERATURE (F)   41        26      1927


SUNRISE AND SUNSET
APRIL 18 2015.........SUNRISE   624 AM PDT   SUNSET   807 PM PDT
APRIL 19 2015.........SUNRISE   622 AM PDT   SUNSET   808 PM PDT


-  INDICATES NEGATIVE NUMBERS.
R  INDICATES RECORD WAS SET OR TIED.
MM INDICATES DATA IS MISSING.
T  INDICATES TRACE AMOUNT.




$$
