000
CDUS42 KFFC 030821
CLIATL


CLIMATE REPORT
NATIONAL WEATHER SERVICE PEACHTREE CITY GA
421 AM EDT SUN MAY 3 2015


...................................

...THE ATLANTA CLIMATE SUMMARY FOR MAY 2 2015...

CLIMATE NORMAL PERIOD 1981 TO 2010
CLIMATE RECORD PERIOD 1878 TO 2015


WEATHER ITEM   OBSERVED TIME   RECORD YEAR NORMAL DEPARTURE LAST
                VALUE   (LST)  VALUE       VALUE  FROM      YEAR
                                                  NORMAL
..................................................................
TEMPERATURE (F)
 YESTERDAY
  MAXIMUM         77    406 PM  90    1990  77      0       73
                                      1959
                                      1942
  MINIMUM         52    514 AM  39    1909  56     -4       52
  AVERAGE         65                        66     -1       63

PRECIPITATION (IN)
  YESTERDAY        0.00          2.31 1964   0.13  -0.13     0.00
  MONTH TO DATE    0.00                      0.25  -0.25     0.00
  SINCE MAR 1     10.77                      8.42   2.35     9.02
  SINCE JAN 1     19.28                     17.29   1.99    16.18

DEGREE DAYS
 HEATING
  YESTERDAY        0                         2     -2        2
  MONTH TO DATE    6                         4      2        6
  SINCE MAR 1    298                       489   -191      500
  SINCE JUL 1   2656                      2744    -88     2903

 COOLING
  YESTERDAY        0                         3     -3        0
  MONTH TO DATE    0                         6     -6        0
  SINCE MAR 1     96                        71     25       51
  SINCE JAN 1     96                        72     24       53
..................................................................


WIND (MPH)
  RESULTANT WIND SPEED   2   RESULTANT WIND DIRECTION  NE (60)
  HIGHEST WIND SPEED    12   HIGHEST WIND DIRECTION    NE (60)
  HIGHEST GUST SPEED    14   HIGHEST GUST DIRECTION     S (160)
  AVERAGE WIND SPEED     3.6


SKY COVER
  AVERAGE SKY COVER 0.2


WEATHER CONDITIONS
 THE FOLLOWING WEATHER WAS RECORDED YESTERDAY.
  NO SIGNIFICANT WEATHER WAS OBSERVED.


RELATIVE HUMIDITY (PERCENT)
 HIGHEST    66           400 AM
 LOWEST     33           400 PM
 AVERAGE    50

..........................................................


THE ATLANTA CLIMATE NORMALS FOR TODAY
                         NORMAL    RECORD    YEAR
 MAXIMUM TEMPERATURE (F)   77        91      1952
 MINIMUM TEMPERATURE (F)   57        40      1971


SUNRISE AND SUNSET
MAY  3 2015...........SUNRISE   647 AM EDT   SUNSET   822 PM EDT
MAY  4 2015...........SUNRISE   646 AM EDT   SUNSET   823 PM EDT


-  INDICATES NEGATIVE NUMBERS.
R  INDICATES RECORD WAS SET OR TIED.
MM INDICATES DATA IS MISSING.
T  INDICATES TRACE AMOUNT.




$$
