000
CDUS44 KEWX 210729
CLIATT


CLIMATE REPORT
NATIONAL WEATHER SERVICE AUSTIN/SAN ANTONIO, TX
228 AM CDT TUE APR 21 2015


...................................

...THE AUSTIN CAMP MABRY CLIMATE SUMMARY FOR APRIL 20 2015...

CLIMATE NORMAL PERIOD 1981 TO 2010
CLIMATE RECORD PERIOD 1897 TO 2015


WEATHER ITEM   OBSERVED TIME   RECORD YEAR NORMAL DEPARTURE LAST
                VALUE   (LST)  VALUE       VALUE  FROM      YEAR
                                                  NORMAL
..................................................................
TEMPERATURE (F)
 YESTERDAY
  MAXIMUM         73    252 PM  97    1925  81     -8       75
  MINIMUM         54    629 AM  39    1924  60     -6       61
  AVERAGE         64                        70     -6

PRECIPITATION (IN)
  YESTERDAY        0.00          1.85 1927   0.07  -0.07     0.00
  MONTH TO DATE    1.20                      1.27  -0.07     1.88
  SINCE MAR 1      6.03                      4.03   2.00     3.15
  SINCE JAN 1     11.55                      8.27   3.28     3.98

SNOWFALL (IN)
  YESTERDAY        0.0
  MONTH TO DATE    0.0
  SINCE MAR 1      T
  SINCE JUL 1      T
  SNOW DEPTH       0

DEGREE DAYS
 HEATING
  YESTERDAY        1                         1      0        0
  MONTH TO DATE    4                        34    -30       49
  SINCE MAR 1    207                       196     11      275
  SINCE JUL 1   1690                      1533    157     1771

 COOLING
  YESTERDAY        0                         6     -6        3
  MONTH TO DATE  130                        94     36       75
  SINCE MAR 1    192                       155     37      118
  SINCE JAN 1    203                       182     21      159
..................................................................


WIND (MPH)
  HIGHEST WIND SPEED    15   HIGHEST WIND DIRECTION     N (360)
  HIGHEST GUST SPEED    25   HIGHEST GUST DIRECTION     N (360)
  AVERAGE WIND SPEED     5.6


SKY COVER
  AVERAGE SKY COVER 0.0


WEATHER CONDITIONS
 THE FOLLOWING WEATHER WAS RECORDED YESTERDAY.
  NO SIGNIFICANT WEATHER WAS OBSERVED.


RELATIVE HUMIDITY (PERCENT)
 HIGHEST    64          1100 PM
 LOWEST     32          1100 AM
 AVERAGE    48

..........................................................


THE AUSTIN CAMP MABRY CLIMATE NORMALS FOR TODAY
                         NORMAL    RECORD    YEAR
 MAXIMUM TEMPERATURE (F)   81        95      1925
 MINIMUM TEMPERATURE (F)   60        43      1953
                                             1907


SUNRISE AND SUNSET
APRIL 21 2015.........SUNRISE   657 AM CDT   SUNSET   802 PM CDT
APRIL 22 2015.........SUNRISE   656 AM CDT   SUNSET   803 PM CDT


-  INDICATES NEGATIVE NUMBERS.
R  INDICATES RECORD WAS SET OR TIED.
MM INDICATES DATA IS MISSING.
T  INDICATES TRACE AMOUNT.




$$
