000
CDUS43 KABR 210909
CLIATY


CLIMATE REPORT
NATIONAL WEATHER SERVICE ABERDEEN SD
408 AM CDT TUE APR 21 2015


...................................

...THE WATERTOWN SD CLIMATE SUMMARY FOR APRIL 20 2015...

CLIMATE NORMAL PERIOD 1981 TO 2010
CLIMATE RECORD PERIOD 1898 TO 2015


WEATHER ITEM   OBSERVED TIME   RECORD YEAR NORMAL DEPARTURE LAST
                VALUE   (LST)  VALUE       VALUE  FROM      YEAR
                                                  NORMAL
..................................................................
TEMPERATURE (F)
 YESTERDAY
  MAXIMUM         48    515 PM  90    1980  58    -10       74
  MINIMUM         35   1159 PM   9    2013  34      1       35
  AVERAGE         42                        46     -4       55

PRECIPITATION (IN)
  YESTERDAY        0.00          1.24 2004   0.07  -0.07     0.00
  MONTH TO DATE    0.29                      1.22  -0.93     0.38
  SINCE MAR 1      0.64                      2.33  -1.69     1.35
  SINCE JAN 1      1.29                      3.41  -2.12     1.78

SNOWFALL (IN)
  YESTERDAY        0.0
  MONTH TO DATE    T
  SINCE OCT 1     25.3
  SINCE JUL 1     25.3
  SNOW DEPTH       0

DEGREE DAYS
 HEATING
  YESTERDAY       23                        19      4       10
  MONTH TO DATE  350                       470   -120      530
  SINCE MAR 1   1312                      1574   -262     1779
  SINCE JUL 1   7704                      7985   -281     8745

 COOLING
  YESTERDAY        0                         0      0        0
  MONTH TO DATE    0                         0      0        0
  SINCE MAR 1      0                         0      0        0
  SINCE JAN 1      0                         0      0        0
..................................................................


WIND (MPH)
  HIGHEST WIND SPEED    33   HIGHEST WIND DIRECTION     N (340)
  HIGHEST GUST SPEED    43   HIGHEST GUST DIRECTION    NW (320)
  AVERAGE WIND SPEED    21.2


SKY COVER
  POSSIBLE SUNSHINE  MM
  AVERAGE SKY COVER 0.7


WEATHER CONDITIONS
 THE FOLLOWING WEATHER WAS RECORDED YESTERDAY.
  NO SIGNIFICANT WEATHER WAS OBSERVED.


RELATIVE HUMIDITY (PERCENT)
 HIGHEST    85           400 AM
 LOWEST     45           500 PM
 AVERAGE    65

..........................................................


THE WATERTOWN SD CLIMATE NORMALS FOR TODAY
                         NORMAL    RECORD    YEAR
 MAXIMUM TEMPERATURE (F)   59        95      1980
 MINIMUM TEMPERATURE (F)   34        10      1927


SUNRISE AND SUNSET
APRIL 21 2015.........SUNRISE   634 AM CDT   SUNSET   821 PM CDT
APRIL 22 2015.........SUNRISE   633 AM CDT   SUNSET   822 PM CDT


-  INDICATES NEGATIVE NUMBERS.
R  INDICATES RECORD WAS SET OR TIED.
MM INDICATES DATA IS MISSING.
T  INDICATES TRACE AMOUNT.




$$
