000
CDUS43 KGRB 030738
CLIAUW


CLIMATE REPORT
NATIONAL WEATHER SERVICE GREEN BAY
236 AM CDT SUN MAY 3 2015


...................................

...THE WAUSAU WI CLIMATE SUMMARY FOR MAY 2 2015...

CLIMATE NORMAL PERIOD 1981 TO 2010
CLIMATE RECORD PERIOD 1896 TO 2015


WEATHER ITEM   OBSERVED TIME   RECORD YEAR NORMAL DEPARTURE LAST
                VALUE   (LST)  VALUE       VALUE  FROM      YEAR
                                                  NORMAL
..................................................................
TEMPERATURE (F)
 YESTERDAY
  MAXIMUM         77    434 PM  91    1959  63     14       52
  MINIMUM         53    531 AM  21    1911  40     13       41
  AVERAGE         65                        51     14

PRECIPITATION (IN)
  YESTERDAY        0.00          1.38 1954   0.11  -0.11     0.05
  MONTH TO DATE    0.00                      0.21  -0.21     0.13
  SINCE MAR 1      3.97                      4.70  -0.73     5.15
  SINCE JAN 1      4.72                      6.64  -1.92     8.09

SNOWFALL (IN)
  YESTERDAY        0.0           5.5  1935   0.0    0.0      0.0
  MONTH TO DATE    0.0                       0.0    0.0      0.0
  SINCE JUL 1     53.7                      59.4   -5.7     84.3
  SNOW DEPTH       0

DEGREE DAYS
 HEATING
  YESTERDAY        0                        14    -14       18
  MONTH TO DATE   12                        28    -16       39
  SINCE MAR 1   1613                      1744   -131     2134
  SINCE JUL 1   8193                      7880    313     9081

 COOLING
  YESTERDAY        0                         0      0        0
  MONTH TO DATE    0                         0      0        0
  SINCE MAR 1      0                         2     -2        0
  SINCE JAN 1      0                         2     -2        0
..................................................................


WIND (MPH)
  HIGHEST WIND SPEED    20   HIGHEST WIND DIRECTION    SW (230)
  HIGHEST GUST SPEED    26   HIGHEST GUST DIRECTION     W (250)
  AVERAGE WIND SPEED     9.5


SKY COVER
  POSSIBLE SUNSHINE  MM
  AVERAGE SKY COVER 0.4


WEATHER CONDITIONS
 THE FOLLOWING WEATHER WAS RECORDED YESTERDAY.
  NO SIGNIFICANT WEATHER WAS OBSERVED.


RELATIVE HUMIDITY (PERCENT)
 HIGHEST    61          1200 AM
 LOWEST     27           200 PM
 AVERAGE    44

..........................................................


THE WAUSAU WI CLIMATE NORMALS FOR TODAY
                         NORMAL    RECORD    YEAR
 MAXIMUM TEMPERATURE (F)   63        87      1955
 MINIMUM TEMPERATURE (F)   40        21      1909


SUNRISE AND SUNSET
MAY  3 2015...........SUNRISE   545 AM CDT   SUNSET   806 PM CDT
MAY  4 2015...........SUNRISE   544 AM CDT   SUNSET   807 PM CDT


-  INDICATES NEGATIVE NUMBERS.
R  INDICATES RECORD WAS SET OR TIED.
MM INDICATES DATA IS MISSING.
T  INDICATES TRACE AMOUNT.

$$
