000
CDUS41 KRLX 280720
CLIBKW


CLIMATE REPORT
NATIONAL WEATHER SERVICE CHARLESTON WV
318 AM EDT TUE APR 28 2015


...................................

...THE BECKLEY WV CLIMATE SUMMARY FOR APRIL 27 2015...

CLIMATE NORMAL PERIOD 1981 TO 2010
CLIMATE RECORD PERIOD 1963 TO 2015


WEATHER ITEM   OBSERVED TIME   RECORD YEAR NORMAL DEPARTURE LAST
                VALUE   (LST)  VALUE       VALUE  FROM      YEAR
                                                  NORMAL
..................................................................
TEMPERATURE (F)
 YESTERDAY
  MAXIMUM         53    302 PM  85    1957  66    -13       79
  MINIMUM         32    344 AM  22    1940  45    -13       46
  AVERAGE         43                        56    -13       63

PRECIPITATION (IN)
  YESTERDAY        0.00          1.05 1921   0.12  -0.12     0.00
  MONTH TO DATE    6.23                      3.00   3.23     1.97
  SINCE JAN 1     18.57                     12.14   6.43     9.54

SNOWFALL (IN)
  YESTERDAY        0.0
  MONTH TO DATE    0.0
  SINCE SEP 1     66.2
  SNOW DEPTH       0

DEGREE DAYS
 HEATING
  YESTERDAY       22                        10     12        2
  MONTH TO DATE  302                       366    -64      285
  SINCE MAR 1    981                      1078    -97     1103
  SINCE JUL 1   5314                      5079    235     5311

 COOLING
  YESTERDAY        0                         0      0        0
  MONTH TO DATE    3                         0      3        5
  SINCE MAR 1      3                         1      2        5
  SINCE JAN 1      3                         1      2        5
..................................................................


WIND (MPH)
  HIGHEST WIND SPEED    20   HIGHEST WIND DIRECTION    NW (320)
  HIGHEST GUST SPEED    27   HIGHEST GUST DIRECTION    NW (330)
  AVERAGE WIND SPEED     8.9


SKY COVER
  POSSIBLE SUNSHINE  MM
  AVERAGE SKY COVER 0.6


WEATHER CONDITIONS
 THE FOLLOWING WEATHER WAS RECORDED YESTERDAY.
  NO SIGNIFICANT WEATHER WAS OBSERVED.


RELATIVE HUMIDITY (PERCENT)
 HIGHEST    92          1200 AM
 LOWEST     41           300 PM
 AVERAGE    67

..........................................................


THE BECKLEY WV CLIMATE NORMALS FOR TODAY
                         NORMAL    RECORD    YEAR
 MAXIMUM TEMPERATURE (F)   67        85      1986
                                             1957
 MINIMUM TEMPERATURE (F)   45        21      1934


SUNRISE AND SUNSET
APRIL 28 2015.........SUNRISE   633 AM EDT   SUNSET   812 PM EDT
APRIL 29 2015.........SUNRISE   631 AM EDT   SUNSET   813 PM EDT


-  INDICATES NEGATIVE NUMBERS.
R  INDICATES RECORD WAS SET OR TIED.
MM INDICATES DATA IS MISSING.
T  INDICATES TRACE AMOUNT.




$$
