000
CDUS44 KOHX 281232
CLIBNA

CLIMATE REPORT
NATIONAL WEATHER SERVICE NASHVILLE TN
732 AM CDT TUE APR 28 2015


.....................................

UPDATED FOR MORNING CLIMATE AT BOTTOM

.....................................


...THE NASHVILLE CLIMATE SUMMARY FOR APRIL 27 2015...

CLIMATE NORMAL PERIOD 1981 TO 2010
CLIMATE RECORD PERIOD 1871 TO 2015


WEATHER ITEM   OBSERVED TIME   RECORD YEAR NORMAL DEPARTURE
                VALUE   (LST)  VALUE       VALUE  FROM
                                                  NORMAL
...............................................................
TEMPERATURE (F)
 YESTERDAY
  MAXIMUM         68    357 PM  91    1989  74     -6
  MINIMUM         43    456 AM  36    1919  51     -8
  AVERAGE         56                        62     -6

PRECIPITATION (IN)
  YESTERDAY        0.00          3.30 2013   0.15  -0.15
  MONTH TO DATE    6.33                      3.53   2.80
  SINCE MAR 1     10.62                      7.64   2.98
  SINCE JAN 1     17.44                     15.33   2.11

SNOWFALL (IN)
  YESTERDAY        0.0           0.0  2002   0.0    0.0
                                      2001
  MONTH TO DATE    0.0                       0.1   -0.1
  SINCE MAR 1      2.9                       1.0    1.9
  SINCE JUL 1      6.1                       6.4   -0.3
  SNOW DEPTH       0

DEGREE DAYS
 HEATING
  YESTERDAY        9                                5
  MONTH TO DATE  105                             -101
  SINCE MAR 1    546                             -133
  SINCE JUL 1   3736                              119

 COOLING
  YESTERDAY        0                               -2
  MONTH TO DATE   40                                6
  SINCE MAR 1     42                                0
  SINCE JAN 1     42                                0
...............................................................


WIND (MPH)
  HIGHEST WIND SPEED    16   HIGHEST WIND DIRECTION    NE (30)
  HIGHEST GUST SPEED    20   HIGHEST GUST DIRECTION     N (20)
  AVERAGE WIND SPEED     7.3




RELATIVE HUMIDITY (PERCENT)
 HIGHEST    93
 LOWEST     34
 AVERAGE    64

..........................................................


THE NASHVILLE CLIMATE NORMALS FOR TODAY
                         NORMAL    RECORD    YEAR
 MAXIMUM TEMPERATURE (F)   74        90      1989
 MINIMUM TEMPERATURE (F)   51        36      1992


SUNRISE AND SUNSET
APRIL 28 2015.........SUNRISE   558 AM CDT   SUNSET   731 PM CDT
APRIL 29 2015.........SUNRISE   557 AM CDT   SUNSET   732 PM CDT


-  INDICATES NEGATIVE NUMBERS.
R  INDICATES RECORD WAS SET OR TIED.
MM INDICATES DATA IS MISSING.
T  INDICATES TRACE AMOUNT.

&&

THE LOW TEMPERATURE SINCE MIDNIGHT HAS BEEN 45 DEGREES.
NO PRECIPITATION HAS OCCURRED SINCE MIDNIGHT.

$$
