000
CDUS45 KBOI 050932
CLIBNO


CLIMATE REPORT
NATIONAL WEATHER SERVICE BOISE ID
332 AM MDT TUE MAY 5 2015


...................................

...THE BURNS OR CLIMATE SUMMARY FOR MAY 4 2015...

CLIMATE NORMAL PERIOD 1981 TO 2010
CLIMATE RECORD PERIOD 1938 TO 2015


WEATHER ITEM   OBSERVED TIME   RECORD YEAR NORMAL DEPARTURE LAST
                VALUE   (LST)  VALUE       VALUE  FROM      YEAR
                                                  NORMAL
..................................................................
TEMPERATURE (F)
 YESTERDAY
  MAXIMUM         78    434 PM  86    1966  63     15       65
  MINIMUM         40    454 AM  15    1996  33      7       41
  AVERAGE         59                        48     11       53

PRECIPITATION (IN)
  YESTERDAY        0.00          0.69 1983   0.04  -0.04      T
  MONTH TO DATE    0.00                      0.14  -0.14      T
  SINCE OCT 1      6.75                      7.87  -1.12     5.52
  SINCE JAN 1      2.25                      4.37  -2.12     4.55

DEGREE DAYS
 HEATING
  YESTERDAY        6                        17    -11       12
  MONTH TO DATE   40                        70    -30       43
  SINCE MAR 1   1401                      1582   -181     1467
  SINCE JUL 1   5875                      7110  -1235     6750

 COOLING
  YESTERDAY        0                         0      0        0
  MONTH TO DATE    0                         0      0        0
  SINCE MAR 1      0                         0      0        0
  SINCE JAN 1      0                         0      0        0
..................................................................


WIND (MPH)
  HIGHEST WIND SPEED    21   HIGHEST WIND DIRECTION     W (280)
  HIGHEST GUST SPEED    25   HIGHEST GUST DIRECTION     W (290)
  AVERAGE WIND SPEED     8.7


SKY COVER
  POSSIBLE SUNSHINE  MM
  AVERAGE SKY COVER 0.2


WEATHER CONDITIONS
 THE FOLLOWING WEATHER WAS RECORDED YESTERDAY.
  NO SIGNIFICANT WEATHER WAS OBSERVED.


RELATIVE HUMIDITY (PERCENT)
 HIGHEST    59           500 AM
 LOWEST     13           400 PM
 AVERAGE    36

..........................................................


THE BURNS OR CLIMATE NORMALS FOR TODAY
                         NORMAL    RECORD    YEAR
 MAXIMUM TEMPERATURE (F)   63        87      1990
 MINIMUM TEMPERATURE (F)   34        20      1965


SUNRISE AND SUNSET
MAY  5 2015...........SUNRISE   543 AM PDT   SUNSET   803 PM PDT
MAY  6 2015...........SUNRISE   542 AM PDT   SUNSET   804 PM PDT


-  INDICATES NEGATIVE NUMBERS.
R  INDICATES RECORD WAS SET OR TIED.
MM INDICATES DATA IS MISSING.
T  INDICATES TRACE AMOUNT.




$$
