000
CDUS45 KRIW 040031
CLIBPI


CLIMATE REPORT
NATIONAL WEATHER SERVICE RIVERTON WY
631 PM MDT SUN MAY 3 2015


...................................

...THE BIG PINEY WY CLIMATE SUMMARY FOR MAY 3 2015...
VALID TODAY AS OF 0500 PM LOCAL TIME.

CLIMATE NORMAL PERIOD 1981 TO 2010
CLIMATE RECORD PERIOD 1976 TO 2015


WEATHER ITEM   OBSERVED TIME   RECORD YEAR NORMAL DEPARTURE LAST
                VALUE   (LST)  VALUE       VALUE  FROM      YEAR
                                                  NORMAL
..................................................................
TEMPERATURE (F)
 TODAY
  MAXIMUM         64        MM  75    2000  58      6       72
  MINIMUM         32        MM   1    1984  26      6       32
  AVERAGE         48

PRECIPITATION (IN)
  TODAY            0.03          0.17 1995   0.02   0.01     0.00
  MONTH TO DATE    0.03                      0.07  -0.04     0.00
  SINCE MAR 1      0.65                      1.04  -0.39     0.37
  SINCE JAN 1      0.71                      1.70  -0.99     0.41

DEGREE DAYS
 HEATING
  TODAY           17                        23     -6       13
  MONTH TO DATE   50                        70    -20       51
  SINCE MAR 1   1760                      2078   -318     1969
  SINCE JUL 1   7860                      9601  -1741     8913

 COOLING
  TODAY            0                         0      0        0
  MONTH TO DATE    0                         0      0        0
  SINCE MAR 1      0                         0      0        0
  SINCE JAN 1      0                         0      0        0
..................................................................


WIND (MPH)
  HIGHEST WIND SPEED    12   HIGHEST WIND DIRECTION    NE (50)
  HIGHEST GUST SPEED    MM   HIGHEST GUST DIRECTION    MM
  AVERAGE WIND SPEED     5.0


SKY COVER
  POSSIBLE SUNSHINE  MM
  AVERAGE SKY COVER 0.6


WEATHER CONDITIONS
 THE FOLLOWING WEATHER WAS RECORDED TODAY.
  THUNDERSTORM
  LIGHT RAIN


RELATIVE HUMIDITY (PERCENT)
 HIGHEST    82           600 AM
 LOWEST     30          1200 PM
 AVERAGE    56

..........................................................


THE BIG PINEY WY CLIMATE NORMALS FOR TOMORROW
                         NORMAL    RECORD    YEAR
 MAXIMUM TEMPERATURE (F)   58        75      2004
 MINIMUM TEMPERATURE (F)   27        13      2011


SUNRISE AND SUNSET
MAY  3 2015...........SUNRISE   613 AM MDT   SUNSET   823 PM MDT
MAY  4 2015...........SUNRISE   611 AM MDT   SUNSET   824 PM MDT


-  INDICATES NEGATIVE NUMBERS.
R  INDICATES RECORD WAS SET OR TIED.
MM INDICATES DATA IS MISSING.
T  INDICATES TRACE AMOUNT.




$$
