000
CDUS43 KDVN 250914
CLIBRL


CLIMATE REPORT
NATIONAL WEATHER SERVICE QUAD CITIES IA IL
414 AM CDT SAT APR 25 2015


...................................

...THE BURLINGTON IA CLIMATE SUMMARY FOR APRIL 24 2015...

CLIMATE NORMAL PERIOD 1981 TO 2010
CLIMATE RECORD PERIOD 1897 TO 2015


WEATHER ITEM   OBSERVED TIME   RECORD YEAR NORMAL DEPARTURE LAST
                VALUE   (LST)  VALUE       VALUE  FROM      YEAR
                                                  NORMAL
..................................................................
TEMPERATURE (F)
 YESTERDAY
  MAXIMUM         65    134 PM  85    1954  68     -3       63
  MINIMUM         45    107 AM  22    1956  46     -1       49
  AVERAGE         55                        57     -2       56

PRECIPITATION (IN)
  YESTERDAY        0.00         MM      MM   0.15  -0.15     0.23
  MONTH TO DATE    1.18                      2.86  -1.68     2.58
  SINCE MAR 1      1.48                      5.65  -4.17     3.75
  SINCE JAN 1      3.90                      8.51  -4.61     8.12

DEGREE DAYS
 HEATING
  YESTERDAY       10                         9      1        9
  MONTH TO DATE  231                       308    -77      349
  SINCE MAR 1    997                      1036    -39     1314
  SINCE JUL 1   5928                      5414    514     6637

 COOLING
  YESTERDAY        0                         1     -1        0
  MONTH TO DATE    3                        14    -11        8
  SINCE MAR 1      3                        16    -13        8
  SINCE JAN 1      3                        16    -13        8
..................................................................


WIND (MPH)
  HIGHEST WIND SPEED    22   HIGHEST WIND DIRECTION    SE (150)
  HIGHEST GUST SPEED    29   HIGHEST GUST DIRECTION     S (180)
  AVERAGE WIND SPEED    11.3


SKY COVER
  POSSIBLE SUNSHINE  MM
  AVERAGE SKY COVER 0.9


WEATHER CONDITIONS
 THE FOLLOWING WEATHER WAS RECORDED YESTERDAY.
  NO SIGNIFICANT WEATHER WAS OBSERVED.


RELATIVE HUMIDITY (PERCENT)
 HIGHEST    51          1000 PM
 LOWEST     30           700 AM
 AVERAGE    41

..........................................................


THE BURLINGTON IA CLIMATE NORMALS FOR TODAY
                         NORMAL    RECORD    YEAR
 MAXIMUM TEMPERATURE (F)   68        92      1986
 MINIMUM TEMPERATURE (F)   46        29      1910


SUNRISE AND SUNSET
APRIL 25 2015.........SUNRISE   611 AM CDT   SUNSET   754 PM CDT
APRIL 26 2015.........SUNRISE   610 AM CDT   SUNSET   755 PM CDT


-  INDICATES NEGATIVE NUMBERS.
R  INDICATES RECORD WAS SET OR TIED.
MM INDICATES DATA IS MISSING.
T  INDICATES TRACE AMOUNT.




$$
