000
CDUS44 KBRO 250632
CLIBRO


CLIMATE REPORT
NATIONAL WEATHER SERVICE BROWNSVILLE TX
132 AM CDT SAT APR 25 2015


...................................

...THE BROWNSVILLE CLIMATE SUMMARY FOR APRIL 24 2015...

CLIMATE NORMAL PERIOD 1981 TO 2010
CLIMATE RECORD PERIOD 1878 TO 2015


WEATHER ITEM   OBSERVED TIME   RECORD YEAR NORMAL DEPARTURE LAST
                VALUE   (LST)  VALUE       VALUE  FROM      YEAR
                                                  NORMAL
..................................................................
TEMPERATURE (F)
 YESTERDAY
  MAXIMUM         88   1126 AM  96    2003  85      3       88
                                      1953
  MINIMUM         75   1159 PM  52    2013  68      7       71
  AVERAGE         82                        76      6       80

PRECIPITATION (IN)
  YESTERDAY        T             1.17 1916   0.05  -0.05     0.00
  MONTH TO DATE    1.69                      1.24   0.45     0.28
  SINCE MAR 1      6.41                      2.47   3.94     1.74
  SINCE JAN 1     10.73                      4.82   5.91     2.50

SNOWFALL (IN)
  YESTERDAY        0.0           0.0  2002   0.0
                                      2001
  MONTH TO DATE    0.0                       0.0
  SINCE MAR 1      0.0                       0.0
  SINCE JUL 1      0.0                       0.0

DEGREE DAYS
 HEATING
  YESTERDAY        0                         0      0        0
  MONTH TO DATE    0                         6     -6       10
  SINCE MAR 1     67                        49     18      100
  SINCE JUL 1    690                       552    138      824

 COOLING
  YESTERDAY       17                        11      6       15
  MONTH TO DATE  304                       229     75      211
  SINCE MAR 1    428                       403     25      334
  SINCE JAN 1    485                       544    -59      454
..................................................................


WIND (MPH)
  HIGHEST WIND SPEED    28   HIGHEST WIND DIRECTION     S (170)
  HIGHEST GUST SPEED    34   HIGHEST GUST DIRECTION     S (170)
  AVERAGE WIND SPEED    14.8


SKY COVER
  POSSIBLE SUNSHINE  MM
  AVERAGE SKY COVER 0.7


WEATHER CONDITIONS
 THE FOLLOWING WEATHER WAS RECORDED YESTERDAY.
  THUNDERSTORM
  LIGHT RAIN
  FOG
  HAZE


RELATIVE HUMIDITY (PERCENT)
 HIGHEST    94           500 AM
 LOWEST     65          1200 PM
 AVERAGE    80

..........................................................


THE BROWNSVILLE CLIMATE NORMALS FOR TODAY
                         NORMAL    RECORD    YEAR
 MAXIMUM TEMPERATURE (F)   85        98      2003
                                             1945
 MINIMUM TEMPERATURE (F)   68        53      1983
                                             1913


SUNRISE AND SUNSET
APRIL 25 2015.........SUNRISE   658 AM CDT   SUNSET   758 PM CDT
APRIL 26 2015.........SUNRISE   657 AM CDT   SUNSET   758 PM CDT


-  INDICATES NEGATIVE NUMBERS.
R  INDICATES RECORD WAS SET OR TIED.
MM INDICATES DATA IS MISSING.
T  INDICATES TRACE AMOUNT.




$$
