000
CDUS43 KGRR 050517
CLIBTL


CLIMATE REPORT
NATIONAL WEATHER SERVICE GRAND RAPIDS, MI
113 AM EDT TUE MAY 5 2015


...................................

...THE BATTLE CREEK MI CLIMATE SUMMARY FOR MAY 4 2015...

CLIMATE NORMAL PERIOD 1981 TO 2010
CLIMATE RECORD PERIOD 1998 TO 2015


WEATHER ITEM   OBSERVED TIME   NORMAL DEPARTURE LAST
                VALUE   (LST)  VALUE  FROM      YEAR
                                      NORMAL
......................................................
TEMPERATURE (F)
 YESTERDAY
  MAXIMUM         75    448 PM  67      8       57
  MINIMUM         57   1159 PM  42     15       44
  AVERAGE         66            55     11       51

PRECIPITATION (IN)
  YESTERDAY        0.18          0.12   0.06     0.00
  MONTH TO DATE    0.18          0.45  -0.27     0.14
  SINCE MAR 1      2.25          5.16  -2.91     3.43
  SINCE JAN 1      3.26          8.16  -4.90     4.96

DEGREE DAYS
 HEATING
  YESTERDAY        0            11    -11       14
  MONTH TO DATE   15            45    -30       60
  SINCE MAR 1   1451          1469    -18     1746
  SINCE JUL 1   6656          6434    222     7200

 COOLING
  YESTERDAY        1             0      1        0
  MONTH TO DATE    1             0      1        0
  SINCE MAR 1      1             7     -6        0
  SINCE JAN 1      1             7     -6        0
......................................................


WIND (MPH)
  RESULTANT WIND SPEED   8   RESULTANT WIND DIRECTION   W (250)
  HIGHEST WIND SPEED    22   HIGHEST WIND DIRECTION    SW (240)
  HIGHEST GUST SPEED    29   HIGHEST GUST DIRECTION    SW (240)
  AVERAGE WIND SPEED    11.0


SKY COVER
  AVERAGE SKY COVER 0.4


WEATHER CONDITIONS
 THE FOLLOWING WEATHER WAS RECORDED YESTERDAY.
  THUNDERSTORM
  LIGHT RAIN


RELATIVE HUMIDITY (PERCENT)
 HIGHEST    78           300 AM
 LOWEST     45           100 AM
 AVERAGE    62

..........................................................


THE BATTLE CREEK MI CLIMATE NORMALS FOR TODAY
                         NORMAL
 MAXIMUM TEMPERATURE (F)   67
 MINIMUM TEMPERATURE (F)   42


SUNRISE AND SUNSET
MAY  5 2015...........SUNRISE   631 AM EDT   SUNSET   845 PM EDT
MAY  6 2015...........SUNRISE   630 AM EDT   SUNSET   846 PM EDT


-  INDICATES NEGATIVE NUMBERS.
R  INDICATES RECORD WAS SET OR TIED.
MM INDICATES DATA IS MISSING.
T  INDICATES TRACE AMOUNT.




$$
