000
CDUS44 KLIX 250706
CLIBTR


CLIMATE REPORT
NATIONAL WEATHER SERVICE NEW ORLEANS
205 AM CDT SAT APR 25 2015


...................................

...THE BATON ROUGE  ASOS CLIMATE SUMMARY FOR APRIL 24 2015...

CLIMATE NORMAL PERIOD 1981 TO 2010
CLIMATE RECORD PERIOD 1894 TO 2015


WEATHER ITEM   OBSERVED TIME   RECORD YEAR NORMAL DEPARTURE LAST
                VALUE   (LST)  VALUE       VALUE  FROM      YEAR
                                                  NORMAL
..................................................................
TEMPERATURE (F)
 YESTERDAY
  MAXIMUM         77    202 PM  91    1999  81     -4       85
                                      1958
  MINIMUM         66    526 AM  44    2012  59      7       60
  AVERAGE         72                        70      2       73

PRECIPITATION (IN)
  YESTERDAY        0.02          4.10 1953   0.14  -0.12     0.00
  MONTH TO DATE    5.53                      3.63   1.90     3.51
  SINCE MAR 1      8.91                      8.04   0.87     6.73
  SINCE JAN 1     18.66                     18.80  -0.14    16.00

SNOWFALL (IN)
  YESTERDAY        0.0
  MONTH TO DATE    0.0
  SINCE MAR 1      T
  SINCE JUL 1      T
  SNOW DEPTH       0

DEGREE DAYS
 HEATING
  YESTERDAY        0                         1     -1        0
  MONTH TO DATE    4                        48    -44       51
  SINCE MAR 1     97                       215   -118      272
  SINCE JUL 1   1639                      1550     89     1978

 COOLING
  YESTERDAY        7                         6      1        8
  MONTH TO DATE  182                       103     79       97
  SINCE MAR 1    285                       161    124      123
  SINCE JAN 1    289                       192     97      143
..................................................................


WIND (MPH)
  HIGHEST WIND SPEED    21   HIGHEST WIND DIRECTION     E (100)
  HIGHEST GUST SPEED    25   HIGHEST GUST DIRECTION     E (100)
  AVERAGE WIND SPEED     7.7


SKY COVER
  POSSIBLE SUNSHINE  MM
  AVERAGE SKY COVER 0.8


WEATHER CONDITIONS
 THE FOLLOWING WEATHER WAS RECORDED YESTERDAY.
  THUNDERSTORM
  LIGHT RAIN
  FOG


RELATIVE HUMIDITY (PERCENT)
 HIGHEST    93          1100 PM
 LOWEST     79           900 PM
 AVERAGE    86

..........................................................


THE BATON ROUGE  ASOS CLIMATE NORMALS FOR TODAY
                         NORMAL    RECORD    YEAR
 MAXIMUM TEMPERATURE (F)   81        89      2011
                                             1967
                                             1925
 MINIMUM TEMPERATURE (F)   59        42      1910


SUNRISE AND SUNSET
APRIL 25 2015.........SUNRISE   627 AM CDT   SUNSET   739 PM CDT
APRIL 26 2015.........SUNRISE   626 AM CDT   SUNSET   739 PM CDT


-  INDICATES NEGATIVE NUMBERS.
R  INDICATES RECORD WAS SET OR TIED.
MM INDICATES DATA IS MISSING.
T  INDICATES TRACE AMOUNT.




$$
