000
CDUS41 KBTV 180541
CLIBTV


CLIMATE REPORT
NATIONAL WEATHER SERVICE BURLINGTON VT
140 AM EDT SAT APR 18 2015


...................................

...THE BURLINGTON VT CLIMATE SUMMARY FOR APRIL 17 2015...

CLIMATE NORMAL PERIOD 1981 TO 2010
CLIMATE RECORD PERIOD 1884 TO 2015


WEATHER ITEM   OBSERVED TIME   RECORD YEAR NORMAL DEPARTURE LAST
                VALUE   (LST)  VALUE       VALUE  FROM      YEAR
                                                  NORMAL
..................................................................
TEMPERATURE (F)
 YESTERDAY
  MAXIMUM         69    326 PM  90    2002  56     13       49
  MINIMUM         46   1123 PM  13    1971  36     10       21
  AVERAGE         58                        46     12       35

PRECIPITATION (IN)
  YESTERDAY        0.15          1.07 1982   0.10   0.05     0.00
  MONTH TO DATE    1.22                      1.56  -0.34     2.50
  SINCE MAR 1      2.12                      3.78  -1.66     4.38
  SINCE JAN 1      4.50                      7.60  -3.10     8.66

SNOWFALL (IN)
  YESTERDAY        0.0          11.3  1983   0.2   -0.2      0.0
  MONTH TO DATE    3.1                       3.4   -0.3      2.8
  SINCE MAR 1      7.5                      19.2  -11.7     28.2
  SINCE JUL 1     83.4                      80.0    3.4     86.5
  SNOW DEPTH       0

DEGREE DAYS
 HEATING
  YESTERDAY        7                        19    -12       30
  MONTH TO DATE  368                       395    -27      370
  SINCE MAR 1   1558                      1449    109     1692
  SINCE JUL 1   7075                      6859    216     7157

 COOLING
  YESTERDAY        0                         0      0        0
  MONTH TO DATE    0                         0      0        0
  SINCE MAR 1      0                         0      0        0
  SINCE JAN 1      0                         0      0        0
..................................................................


WIND (MPH)
  HIGHEST WIND SPEED    20   HIGHEST WIND DIRECTION     S (190)
  HIGHEST GUST SPEED    27   HIGHEST GUST DIRECTION     S (180)
  AVERAGE WIND SPEED     7.1


SKY COVER
  POSSIBLE SUNSHINE  MM
  AVERAGE SKY COVER 0.6


WEATHER CONDITIONS
 THE FOLLOWING WEATHER WAS RECORDED YESTERDAY.
  LIGHT RAIN


RELATIVE HUMIDITY (PERCENT)
 HIGHEST    83          1000 AM
 LOWEST     25          1200 AM
 AVERAGE    54

..........................................................


THE BURLINGTON VT CLIMATE NORMALS FOR TODAY
                         NORMAL    RECORD    YEAR
 MAXIMUM TEMPERATURE (F)   56        91      1976
 MINIMUM TEMPERATURE (F)   36        21      1948


SUNRISE AND SUNSET
APRIL 18 2015.........SUNRISE   604 AM EDT   SUNSET   741 PM EDT
APRIL 19 2015.........SUNRISE   602 AM EDT   SUNSET   742 PM EDT


-  INDICATES NEGATIVE NUMBERS.
R  INDICATES RECORD WAS SET OR TIED.
MM INDICATES DATA IS MISSING.
T  INDICATES TRACE AMOUNT.

&&

LAKE CHAMPLAIN DATA:
LEVEL...............96.82 FEET
TEMPERATURE.........39 DEGREES

MOUNT MANSFIELD DATA:
HIGH................51 DEGREES
LOW.................33 DEGREES
PRECIPITATION.......0.18 INCHES
NEW SNOW............NONE
SNOW AT STAKE.......74 INCHES

$$
