000
CDUS46 KLOX 270902
CLIBUR


CLIMATE REPORT
NATIONAL WEATHER SERVICE LOS ANGELES/OXNARD CA
202 AM PDT MON APR 27 2015


...................................

...THE BOB HOPE AIRPORT (BURBANK) CA CLIMATE SUMMARY FOR APRIL 26 2015...

CLIMATE NORMAL PERIOD 1981 TO 2010
CLIMATE RECORD PERIOD 1939 TO 2015


WEATHER ITEM   OBSERVED TIME   RECORD YEAR NORMAL DEPARTURE LAST
                VALUE   (LST)  VALUE       VALUE  FROM      YEAR
                                                  NORMAL
..................................................................
TEMPERATURE (F)
 YESTERDAY
  MAXIMUM         80    256 PM  99    2004  75      5       69
  MINIMUM         55    101 AM  40    1964  52      3       49
  AVERAGE         68                        63      5       59

PRECIPITATION (IN)
  YESTERDAY        0.00          1.11 1940   0.03  -0.03     0.00
  MONTH TO DATE    0.25                      1.01  -0.76     0.04
  SINCE OCT 1      7.28                     16.43  -9.15     5.54
  SINCE JAN 1      2.78                     11.99  -9.21     4.91

SNOWFALL (IN)
  YESTERDAY        0.0
  MONTH TO DATE    0.0
  SINCE MAR 1      0.0
  SINCE JUL 1      0.0

DEGREE DAYS
 HEATING
  YESTERDAY        0                         4     -4        6
  MONTH TO DATE   63                       127    -64       69
  SINCE MAR 1    112                       345   -233      157
  SINCE JUL 1    669                      1486   -817      634

 COOLING
  YESTERDAY        3                         2      1        0
  MONTH TO DATE   26                        31     -5       53
  SINCE MAR 1    155                        41    114       73
  SINCE JAN 1    181                        47    134      133
..................................................................


WIND (MPH)
  HIGHEST WIND SPEED    21   HIGHEST WIND DIRECTION    NW (330)
  HIGHEST GUST SPEED    28   HIGHEST GUST DIRECTION    NW (330)
  AVERAGE WIND SPEED     8.4


SKY COVER
  POSSIBLE SUNSHINE  MM
  AVERAGE SKY COVER 0.0


WEATHER CONDITIONS
 THE FOLLOWING WEATHER WAS RECORDED YESTERDAY.
  NO SIGNIFICANT WEATHER WAS OBSERVED.


RELATIVE HUMIDITY (PERCENT)
 HIGHEST    77          1200 AM
 LOWEST     16           300 PM
 AVERAGE    47

..........................................................


THE BOB HOPE AIRPORT (BURBANK) CA CLIMATE NORMALS FOR TODAY
                         NORMAL    RECORD    YEAR
 MAXIMUM TEMPERATURE (F)   75       100      2004
 MINIMUM TEMPERATURE (F)   52        39      1971


SUNRISE AND SUNSET
APRIL 27 2015.........SUNRISE   608 AM PDT   SUNSET   734 PM PDT
APRIL 28 2015.........SUNRISE   607 AM PDT   SUNSET   735 PM PDT


-  INDICATES NEGATIVE NUMBERS.
R  INDICATES RECORD WAS SET OR TIED.
MM INDICATES DATA IS MISSING.
T  INDICATES TRACE AMOUNT.




$$
