000
CDUS45 KRIW 260740
CLIBYG


CLIMATE REPORT
NATIONAL WEATHER SERVICE RIVERTON WY
136 AM MDT SUN APR 26 2015


...................................

...THE BUFFALO WY CLIMATE SUMMARY FOR APRIL 25 2015...

CLIMATE NORMAL PERIOD 1981 TO 2010
CLIMATE RECORD PERIOD 1998 TO 2015


WEATHER ITEM   OBSERVED TIME   RECORD YEAR NORMAL DEPARTURE LAST
                VALUE   (LST)  VALUE       VALUE  FROM      YEAR
                                                  NORMAL
..................................................................
TEMPERATURE (F)
 YESTERDAY
  MAXIMUM         52    222 AM  74    2012  57     -5       65
  MINIMUM         39   1159 PM  19    2008  36      3       34
  AVERAGE         46                        46      0       50

PRECIPITATION (IN)
  YESTERDAY        0.00          0.27 1999   0.05  -0.05     0.00
  MONTH TO DATE    0.29                      0.89  -0.60     0.59
  SINCE MAR 1      0.37                      1.81  -1.44     1.20
  SINCE JAN 1      1.01                      2.58  -1.57     1.56

DEGREE DAYS
 HEATING
  YESTERDAY       19                        19      0       15
  MONTH TO DATE  494                       565    -71      552
  SINCE MAR 1   1167                      1515   -348     1548
  SINCE JUL 1   5863                      6755   -892     6792

 COOLING
  YESTERDAY        0                         0      0        0
  MONTH TO DATE    0                         0      0        0
  SINCE MAR 1      0                         0      0        0
  SINCE JAN 1      0                         0      0        0
..................................................................


WIND (MPH)
  HIGHEST WIND SPEED    30   HIGHEST WIND DIRECTION     N (340)
  HIGHEST GUST SPEED    38   HIGHEST GUST DIRECTION     N (340)
  AVERAGE WIND SPEED    15.7


SKY COVER
  POSSIBLE SUNSHINE  MM
  AVERAGE SKY COVER 0.7


WEATHER CONDITIONS
 THE FOLLOWING WEATHER WAS RECORDED YESTERDAY.
  NO SIGNIFICANT WEATHER WAS OBSERVED.


RELATIVE HUMIDITY (PERCENT)
 HIGHEST    89           500 AM
 LOWEST     56           300 AM
 AVERAGE    73

..........................................................


THE BUFFALO WY CLIMATE NORMALS FOR TODAY
                         NORMAL    RECORD    YEAR
 MAXIMUM TEMPERATURE (F)   57        81      2012
 MINIMUM TEMPERATURE (F)   36        26      2008
                                             2002


SUNRISE AND SUNSET
APRIL 26 2015.........SUNRISE   605 AM MDT   SUNSET   805 PM MDT
APRIL 27 2015.........SUNRISE   604 AM MDT   SUNSET   806 PM MDT


-  INDICATES NEGATIVE NUMBERS.
R  INDICATES RECORD WAS SET OR TIED.
MM INDICATES DATA IS MISSING.
T  INDICATES TRACE AMOUNT.




$$
