000
CDAK48 PACD 181110
CLICDB

CLIMATE REPORT
NATIONAL WEATHER SERVICE COLD BAY, AK
311 AM AKDT SAT APR 18 2015

...................................
...THE COLD BAY AP CLIMATE SUMMARY FOR APRIL 17 2015...

CLIMATE NORMAL PERIOD  1981 TO  2010
CLIMATE RECORD PERIOD  1942 TO  2015

WEATHER ITEM   OBSERVED TIME    RECORD YEAR NORMAL DEPARTURE LAST
               VALUE    (LST)   VALUE       VALUE  FROM      YEAR
                                                   NORMAL
...................................................................
TEMPERATURE
YESTERDAY
 MAXIMUM            42  0305 PM    53  1979     39       3     48
 MINIMUM            27  0223 AM    18  1952     29      -2     31
 AVERAGE            35                          34       1     40

PRECIPITATION
(INCHES)
 YESTERDAY        0.03           0.82  1994   0.08   -0.05   0.01
 MONTH TO DATE    0.75                        1.39   -0.64   1.45
 SINCE MAR 1      3.90                        4.09   -0.19   2.84
 SINCE JAN 1      6.41                       10.23   -3.82  11.29

SNOWFALL
(INCHES)
 YESTERDAY         0.0            1.3  2006    0.2    -0.2    0.0
 MONTH TO DATE     5.8                         4.6     1.2    1.0
 SINCE MAR 1      11.4                        17.6    -6.2    7.8
 SINCE JUL 1      20.1                        69.8   -49.7   36.9
 SNOW DEPTH (IN)     0                                          0

DEGREE DAYS
 HEATING
  YESTERDAY         30                          31      -1     25
  MONTH TO DATE    538                         550     -12    446
  SINCE MAR 1     1480                        1629    -149   1410
  SINCE JUL 1     6853                        7853   -1000   6554

 COOLING
  YESTERDAY          0                           0       0      0
  MONTH TO DATE      0                           0       0      0
  SINCE MAR 1        0                           0       0      0
  SINCE JAN 1        0                           0       0      0
...................................................................

WIND (MPH)
 HIGHEST WIND SPEED    36     HIGHEST WIND DIRECTION     30
 HIGHEST GUST SPEED    48     HIGHEST GUST DIRECTION     40
 AVERAGE WIND SPEED  18.6


WEATHER CONDITIONS
 THE FOLLOWING WEATHER WAS RECORDED YESTERDAY.
  RAIN

...................................................................

THE COLD BAY CLIMATE NORMALS FOR TODAY
                           NORMAL    RECORD   YEAR
 MAXIMUM TEMPERATURE (F)     39        55     1965
 MINIMUM TEMPERATURE (F)     30        14     1948

SUNRISE AND SUNSET
 APR 18 2015..........SUNRISE  7:40 AM      SUNSET 10:02 PM
 APR 19 2015..........SUNRISE  7:38 AM      SUNSET 10:04 PM

-  INDICATES NEGATIVE NUMBERS.
R  INDICATES RECORD HAS BEEN SET OR TIED.
MM INDICATES DATA IS MISSING.
T  INDICATES TRACE OF PRECIPITATION.

&&
-------------------------------------------------------------------

AMOUNT OF DAYLIGHT TODAY  (HOUR:MIN)........14 HOURS 22 MINUTES
GAIN SINCE YESTERDAY (HOUR:MIN:SEC).........+0:04:23

$$

RCS APR 15
