000
CDUS45 KSLC 261227
CLICDC


CLIMATE REPORT
NATIONAL WEATHER SERVICE SALT LAKE CITY UT
627 AM MDT SUN APR 26 2015


...................................

...THE CEDAR CITY UT CLIMATE SUMMARY FOR APRIL 25 2015...

CLIMATE NORMAL PERIOD 1981 TO 2010
CLIMATE RECORD PERIOD 1928 TO 2015


WEATHER ITEM   OBSERVED TIME   RECORD YEAR NORMAL DEPARTURE LAST
                VALUE   (LST)  VALUE       VALUE  FROM      YEAR
                                                  NORMAL
..................................................................
TEMPERATURE (F)
 YESTERDAY
  MAXIMUM         53   1149 AM  77    1953  64    -11       70
  MINIMUM         37    913 PM  18    2008  34      3       47
  AVERAGE         45                        49     -4       59

PRECIPITATION (IN)
  YESTERDAY        0.19          0.28 1985   0.03   0.16      T
  MONTH TO DATE    0.60                      0.91  -0.31      T
  SINCE OCT 1      5.78                      7.23  -1.45     3.30
  SINCE JAN 1      3.65                      4.12  -0.47     1.36

DEGREE DAYS
 HEATING
  YESTERDAY       20                        16      4        6
  MONTH TO DATE  461                       479    -18      390
  SINCE MAR 1   1102                      1251   -149     1120
  SINCE JUL 1   4940                      5813   -873     5707

 COOLING
  YESTERDAY        0                         0      0        0
  MONTH TO DATE    0                         0      0        0
  SINCE MAR 1      0                         0      0        0
  SINCE JAN 1      0                         0      0        0
..................................................................


WIND (MPH)
  RESULTANT WIND SPEED  10   RESULTANT WIND DIRECTION  SW (210)
  HIGHEST WIND SPEED    29   HIGHEST WIND DIRECTION    SW (220)
  HIGHEST GUST SPEED    40   HIGHEST GUST DIRECTION    SW (220)
  AVERAGE WIND SPEED    11.1



WEATHER CONDITIONS
 THE FOLLOWING WEATHER WAS RECORDED YESTERDAY.
  RAIN
  LIGHT RAIN
  FOG


RELATIVE HUMIDITY (PERCENT)
 HIGHEST   100          1100 PM
 LOWEST     54          1200 PM
 AVERAGE    77

..........................................................


THE CEDAR CITY UT CLIMATE NORMALS FOR TODAY
                         NORMAL    RECORD    YEAR
 MAXIMUM TEMPERATURE (F)   65        80      2000
 MINIMUM TEMPERATURE (F)   34        20      1984


SUNRISE AND SUNSET
APRIL 26 2015.........SUNRISE   643 AM MDT   SUNSET   818 PM MDT
APRIL 27 2015.........SUNRISE   642 AM MDT   SUNSET   819 PM MDT


-  INDICATES NEGATIVE NUMBERS.
R  INDICATES RECORD WAS SET OR TIED.
MM INDICATES DATA IS MISSING.
T  INDICATES TRACE AMOUNT.




$$
