000
CDUS44 KLUB 270626
CLICDS


CLIMATE REPORT
NATIONAL WEATHER SERVICE LUBBOCK, TX
125 AM CDT MON APR 27 2015


...................................

...THE CHILDRESS CLIMATE SUMMARY FOR APRIL 26 2015...

CLIMATE NORMAL PERIOD 1981 TO 2010
CLIMATE RECORD PERIOD 1893 TO 2015


WEATHER ITEM   OBSERVED TIME   RECORD YEAR NORMAL DEPARTURE LAST
                VALUE   (LST)  VALUE       VALUE  FROM      YEAR
                                                  NORMAL
..................................................................
TEMPERATURE (F)
 YESTERDAY
  MAXIMUM         81    143 PM 101    1959  79      2       97
  MINIMUM         52    632 AM  33    1907  52      0       68
  AVERAGE         67                        66      1       83

PRECIPITATION (IN)
  YESTERDAY        0.74          1.83 1914   0.09   0.65     0.02
  MONTH TO DATE    3.15                      1.77   1.38     1.53
  SINCE MAR 1      3.29                      3.30  -0.01     1.99
  SINCE JAN 1      4.46                      5.08  -0.62     2.35

SNOWFALL (IN)
  YESTERDAY        0.0          MM      MM   0.0    0.0      0.0
  MONTH TO DATE    0.0                       0.2   -0.2      0.0
  SINCE MAR 1      0.0                       0.6   -0.6       T
  SINCE JUL 1      2.0                       7.0   -5.0      9.5
  SNOW DEPTH       0

DEGREE DAYS
 HEATING
  YESTERDAY        0                         3     -3        0
  MONTH TO DATE   72                       142    -70      131
  SINCE MAR 1    406                       517   -111      589
  SINCE JUL 1   2903                      3077   -174     3405

 COOLING
  YESTERDAY        2                         3     -1       18
  MONTH TO DATE   79                        56     23       79
  SINCE MAR 1     96                        74     22       89
  SINCE JAN 1     96                        75     21       89
..................................................................


WIND (MPH)
  RESULTANT WIND SPEED   2   RESULTANT WIND DIRECTION  NE (50)
  HIGHEST WIND SPEED    32   HIGHEST WIND DIRECTION    NE (50)
  HIGHEST GUST SPEED    42   HIGHEST GUST DIRECTION    NE (50)
  AVERAGE WIND SPEED    12.8


SKY COVER
  AVERAGE SKY COVER 0.2


WEATHER CONDITIONS
 THE FOLLOWING WEATHER WAS RECORDED YESTERDAY.
  THUNDERSTORM
  HEAVY RAIN
  RAIN
  LIGHT RAIN
  FOG


RELATIVE HUMIDITY (PERCENT)
 HIGHEST    86           900 PM
 LOWEST     30           100 PM
 AVERAGE    58

..........................................................


THE CHILDRESS CLIMATE NORMALS FOR TODAY
                         NORMAL    RECORD    YEAR
 MAXIMUM TEMPERATURE (F)   80        96      1956
 MINIMUM TEMPERATURE (F)   52        38      1994
                                             1973


SUNRISE AND SUNSET
APRIL 27 2015.........SUNRISE   656 AM CDT   SUNSET   822 PM CDT
APRIL 28 2015.........SUNRISE   655 AM CDT   SUNSET   823 PM CDT


-  INDICATES NEGATIVE NUMBERS.
R  INDICATES RECORD WAS SET OR TIED.
MM INDICATES DATA IS MISSING.
T  INDICATES TRACE AMOUNT.




$$
