000
CDUS41 KLWX 180529
CLICHO


CLIMATE REPORT
NATIONAL WEATHER SERVICE BALTIMORE MD/WASHINGTON DC
128 AM EDT SAT APR 18 2015


...................................

...THE CHARLOTTESVILLE VA CLIMATE SUMMARY FOR APRIL 17 2015...

CLIMATE NORMAL PERIOD 1981 TO 2010
CLIMATE RECORD PERIOD 1889 TO 2015


WEATHER ITEM   OBSERVED TIME   RECORD YEAR NORMAL DEPARTURE LAST
                VALUE   (LST)  VALUE       VALUE  FROM      YEAR
                                                  NORMAL
..................................................................
TEMPERATURE (F)
 YESTERDAY
  MAXIMUM         79    159 PM  MM      MM  68     11       58
  MINIMUM         54    500 AM  MM      MM  44     10       28
  AVERAGE         67                        56     11       43

PRECIPITATION (IN)
  YESTERDAY        0.59                      0.11   0.48     0.00
  MONTH TO DATE    2.17                      1.92   0.25     2.20
  SINCE MAR 1      5.68                      5.58   0.10     4.69
  SINCE JAN 1      8.34                     11.05  -2.71     9.78

DEGREE DAYS
 HEATING
  YESTERDAY        0                        10    -10       22
  MONTH TO DATE  130                       202    -72      170
  SINCE MAR 1    737                       794    -57      897
  SINCE JUL 1   4252                      4206     46     4406

 COOLING
  YESTERDAY        2                         1      1        0
  MONTH TO DATE    5                         9     -4        9
  SINCE MAR 1      5                        11     -6        9
  SINCE JAN 1      5                        11     -6        9
..................................................................


WIND (MPH)
  HIGHEST WIND SPEED    14   HIGHEST WIND DIRECTION     N (360)
  HIGHEST GUST SPEED    19   HIGHEST GUST DIRECTION     N (360)
  AVERAGE WIND SPEED     2.9


SKY COVER
  POSSIBLE SUNSHINE  MM
  AVERAGE SKY COVER 0.5


WEATHER CONDITIONS
 THE FOLLOWING WEATHER WAS RECORDED YESTERDAY.
  THUNDERSTORM
  HEAVY RAIN
  RAIN
  LIGHT RAIN
  FOG


RELATIVE HUMIDITY (PERCENT)
 HIGHEST   100           300 AM
 LOWEST     45           100 PM
 AVERAGE    73

..........................................................


THE CHARLOTTESVILLE VA CLIMATE NORMALS FOR TODAY
                         NORMAL    RECORD    YEAR
 MAXIMUM TEMPERATURE (F)   68        MM        MM
 MINIMUM TEMPERATURE (F)   44        MM        MM


SUNRISE AND SUNSET
APRIL 18 2015.........SUNRISE   634 AM EDT   SUNSET   753 PM EDT
APRIL 19 2015.........SUNRISE   633 AM EDT   SUNSET   753 PM EDT


-  INDICATES NEGATIVE NUMBERS.
R  INDICATES RECORD WAS SET OR TIED.
MM INDICATES DATA IS MISSING.
T  INDICATES TRACE AMOUNT.




$$
