000
CDUS42 KCHS 172116
CLICHS


CLIMATE REPORT
NATIONAL WEATHER SERVICE CHARLESTON SC
516 PM EDT FRI APR 17 2015


...................................

...THE NORTH CHARLESTON SC CLIMATE SUMMARY FOR APRIL 17 2015...
VALID TODAY AS OF 0500 PM LOCAL TIME.

CLIMATE NORMAL PERIOD 1981 TO 2010
CLIMATE RECORD PERIOD 1938 TO 2015


WEATHER ITEM   OBSERVED TIME   RECORD YEAR NORMAL DEPARTURE LAST
                VALUE   (LST)  VALUE       VALUE  FROM      YEAR
                                                  NORMAL
..................................................................
TEMPERATURE (F)
 TODAY
  MAXIMUM         73    359 PM  91    1967  77     -4       73
  MINIMUM         60   1218 AM  34    1962  54      6       43
  AVERAGE         67                        65      2       58

PRECIPITATION (IN)
  TODAY            0.03          0.55 1946   0.09  -0.06     0.00
  MONTH TO DATE    1.08                      1.66  -0.58     1.57
  SINCE MAR 1      3.34                      5.37  -2.03     6.50
  SINCE JAN 1     11.27                     12.04  -0.77    11.35

SNOWFALL (IN)
  TODAY            0.0                       0.0    0.0
  SINCE MAR 1      0.0                       0.0    0.0
  SINCE JUL 1      T                         0.5   -0.5

DEGREE DAYS
 HEATING
  TODAY            0                         3     -3        7
  MONTH TO DATE   14                        65    -51       26
  SINCE MAR 1    197                       304   -107      340
  SINCE JUL 1   1934                      1940     -6     1863

 COOLING
  TODAY            2                         3     -1        0
  MONTH TO DATE   86                        37     49       63
  SINCE MAR 1    119                        64     55       72
  SINCE JAN 1    123                        71     52       82
..................................................................


WIND (MPH)
  HIGHEST WIND SPEED    13   HIGHEST WIND DIRECTION     N (10)
  HIGHEST GUST SPEED    14   HIGHEST GUST DIRECTION     N (350)
  AVERAGE WIND SPEED     7.1


SKY COVER
  POSSIBLE SUNSHINE  MM
  AVERAGE SKY COVER 1.0


WEATHER CONDITIONS
 THE FOLLOWING WEATHER WAS RECORDED TODAY.
  LIGHT RAIN
  FOG


RELATIVE HUMIDITY (PERCENT)
 HIGHEST   100           200 AM
 LOWEST     79           300 PM
 AVERAGE    90

..........................................................


THE NORTH CHARLESTON SC CLIMATE NORMALS FOR TOMORROW
                         NORMAL    RECORD    YEAR
 MAXIMUM TEMPERATURE (F)   77        92      1967
 MINIMUM TEMPERATURE (F)   54        35      2001


SUNRISE AND SUNSET
APRIL 17 2015.........SUNRISE   648 AM EDT   SUNSET   752 PM EDT
APRIL 18 2015.........SUNRISE   647 AM EDT   SUNSET   752 PM EDT


-  INDICATES NEGATIVE NUMBERS.
R  INDICATES RECORD WAS SET OR TIED.
MM INDICATES DATA IS MISSING.
T  INDICATES TRACE AMOUNT.




$$
