000
CDUS43 KDVN 192123
CLICID


CLIMATE REPORT
NATIONAL WEATHER SERVICE QUAD CITIES IA IL
421 PM CDT SUN APR 19 2015


...................................

...THE CEDAR RAPIDS IA CLIMATE SUMMARY FOR APRIL 19 2015...
VALID TODAY AS OF 0400 PM LOCAL TIME.

CLIMATE NORMAL PERIOD 1981 TO 2010
CLIMATE RECORD PERIOD 1891 TO 2015


WEATHER ITEM   OBSERVED TIME   RECORD YEAR NORMAL DEPARTURE LAST
                VALUE   (LST)  VALUE       VALUE  FROM      YEAR
                                                  NORMAL
..................................................................
TEMPERATURE (F)
 TODAY
  MAXIMUM         72    203 PM  86    1915  62     10       75
  MINIMUM         49    652 AM  20    1988  39     10       37
  AVERAGE         61                        51     10       56

PRECIPITATION (IN)
  TODAY            0.10         MM      MM   0.11  -0.01     0.00
  MONTH TO DATE    1.36                      1.79  -0.43     4.06
  SINCE MAR 1      1.88                      3.89  -2.01     4.45
  SINCE JAN 1      3.21                      6.03  -2.82     6.20

DEGREE DAYS
 HEATING
  TODAY            4                        15    -11        9
  MONTH TO DATE  229                       344   -115      376
  SINCE MAR 1   1100                      1225   -125     1446
  SINCE JUL 1   6627                      6508    119     7485

 COOLING
  TODAY            0                         0      0        0
  MONTH TO DATE    0                         0      0        4
  SINCE MAR 1      0                         0      0        4
  SINCE JAN 1      0                         0      0        4
..................................................................


WIND (MPH)
  HIGHEST WIND SPEED    15   HIGHEST WIND DIRECTION     E (110)
  HIGHEST GUST SPEED    20   HIGHEST GUST DIRECTION     E (100)
  AVERAGE WIND SPEED     7.8


SKY COVER
  POSSIBLE SUNSHINE  MM
  AVERAGE SKY COVER 0.6


WEATHER CONDITIONS
 THE FOLLOWING WEATHER WAS RECORDED TODAY.
  LIGHT RAIN
  FOG


RELATIVE HUMIDITY (PERCENT)
 HIGHEST    86           800 AM
 LOWEST     57           100 PM
 AVERAGE    72

..........................................................


THE CEDAR RAPIDS IA CLIMATE NORMALS FOR TOMORROW
                         NORMAL    RECORD    YEAR
 MAXIMUM TEMPERATURE (F)   63        89      1987
 MINIMUM TEMPERATURE (F)   39        27      2013
                                             1928


SUNRISE AND SUNSET
APRIL 19 2015.........SUNRISE   621 AM CDT   SUNSET   752 PM CDT
APRIL 20 2015.........SUNRISE   619 AM CDT   SUNSET   753 PM CDT


-  INDICATES NEGATIVE NUMBERS.
R  INDICATES RECORD WAS SET OR TIED.
MM INDICATES DATA IS MISSING.
T  INDICATES TRACE AMOUNT.




$$
