000
CDUS41 KCLE 270545
CLICLE


CLIMATE REPORT
NATIONAL WEATHER SERVICE CLEVELAND OH
145 AM EDT MON APR 27 2015


...................................

...THE CLEVELAND OH CLIMATE SUMMARY FOR APRIL 26 2015...

CLIMATE NORMAL PERIOD 1981 TO 2010
CLIMATE RECORD PERIOD 1871 TO 2015


WEATHER ITEM   OBSERVED TIME   RECORD YEAR NORMAL DEPARTURE LAST
                VALUE   (LST)  VALUE       VALUE  FROM      YEAR
                                                  NORMAL
..................................................................
TEMPERATURE (F)
 YESTERDAY
  MAXIMUM         54    345 PM  87    1948  63     -9       59
  MINIMUM         35    410 AM  26    1972  44     -9       40
  AVERAGE         45                        54     -9       50

PRECIPITATION (IN)
  YESTERDAY        0.00                      0.11  -0.11     0.00
  MONTH TO DATE    2.71                      3.07  -0.36     3.74
  SINCE MAR 1      4.68                      6.00  -1.32     5.94
  SINCE JAN 1      9.48                     11.06  -1.58    10.97

SNOWFALL (IN)
  YESTERDAY        0.0                       0.0    0.0      0.0
  MONTH TO DATE    0.9                       3.2   -2.3      1.3
  SINCE MAR 1      5.7                      15.8  -10.1     16.4
  SINCE JUL 1     67.1                      68.0   -0.9     86.1
  SNOW DEPTH       0

DEGREE DAYS
 HEATING
  YESTERDAY       20                        12      8       15
  MONTH TO DATE  372                       424    -52      385
  SINCE MAR 1   1327                      1250     77     1394
  SINCE JUL 1   6277                      5467    810     6075

 COOLING
  YESTERDAY        0                         1     -1        0
  MONTH TO DATE    1                         6     -5        6
  SINCE MAR 1      1                         7     -6        6
  SINCE JAN 1      1                         7     -6        6
..................................................................


WIND (MPH)
  HIGHEST WIND SPEED    18   HIGHEST WIND DIRECTION     N (340)
  HIGHEST GUST SPEED    24   HIGHEST GUST DIRECTION     N (340)
  AVERAGE WIND SPEED     9.9


SKY COVER
  POSSIBLE SUNSHINE  MM
  AVERAGE SKY COVER 0.0


WEATHER CONDITIONS
 THE FOLLOWING WEATHER WAS RECORDED YESTERDAY.
  NO SIGNIFICANT WEATHER WAS OBSERVED.


RELATIVE HUMIDITY (PERCENT)
 HIGHEST    89           400 AM
 LOWEST     38           400 PM
 AVERAGE    64

..........................................................


THE CLEVELAND OH CLIMATE NORMALS FOR TODAY
                         NORMAL    RECORD    YEAR
 MAXIMUM TEMPERATURE (F)   64        86      1990
                                             1957
 MINIMUM TEMPERATURE (F)   44        27      1971


SUNRISE AND SUNSET
APRIL 27 2015.........SUNRISE   630 AM EDT   SUNSET   820 PM EDT
APRIL 28 2015.........SUNRISE   629 AM EDT   SUNSET   821 PM EDT


-  INDICATES NEGATIVE NUMBERS.
R  INDICATES RECORD WAS SET OR TIED.
MM INDICATES DATA IS MISSING.
T  INDICATES TRACE AMOUNT.




$$
