000
CDUS43 KTOP 250634
CLICNK


CLIMATE REPORT
NATIONAL WEATHER SERVICE TOPEKA KS
132 AM CDT SAT APR 25 2015


...................................

...THE CONCORDIA KS CLIMATE SUMMARY FOR APRIL 24 2015...

CLIMATE NORMAL PERIOD 1981 TO 2010
CLIMATE RECORD PERIOD 1885 TO 2015


WEATHER ITEM   OBSERVED TIME   RECORD YEAR NORMAL DEPARTURE LAST
                VALUE   (LST)  VALUE       VALUE  FROM      YEAR
                                                  NORMAL
..................................................................
TEMPERATURE (F)
 YESTERDAY
  MAXIMUM         69    353 PM  98    1989  68      1       70
  MINIMUM         52    427 AM  25    2013  44      8       52
                                      1967
  AVERAGE         61                        56      5       61

PRECIPITATION (IN)
  YESTERDAY        1.03          2.94 1904   0.10   0.93     0.37
  MONTH TO DATE    2.10                      1.88   0.22     0.95
  SINCE MAR 1      2.21                      3.89  -1.68     1.18
  SINCE JAN 1      3.73                      5.26  -1.53     2.37

SNOWFALL (IN)
  YESTERDAY        0.0           T    1950   0.0    0.0      0.0
  MONTH TO DATE    0.0                       0.5   -0.5       T
  SINCE JAN 1      5.6                      13.7   -8.1     16.9
  SINCE JUL 1     11.7                      20.2   -8.5     23.2
  SNOW DEPTH       0

DEGREE DAYS
 HEATING
  YESTERDAY        4                        10     -6        4
  MONTH TO DATE  217                       320   -103      292
  SINCE MAR 1    764                      1004   -240     1088
  SINCE JUL 1   4971                      5211   -240     5570

 COOLING
  YESTERDAY        0                         1     -1        0
  MONTH TO DATE    4                         9     -5       18
  SINCE MAR 1      8                        10     -2       18
  SINCE JAN 1      8                        10     -2       18
..................................................................


WIND (MPH)
  HIGHEST WIND SPEED    25   HIGHEST WIND DIRECTION    NW (320)
  HIGHEST GUST SPEED    30   HIGHEST GUST DIRECTION    NW (320)
  AVERAGE WIND SPEED    11.2


SKY COVER
  AVERAGE SKY COVER 0.8


WEATHER CONDITIONS
 THE FOLLOWING WEATHER WAS RECORDED YESTERDAY.
  THUNDERSTORM
  HEAVY RAIN
  RAIN
  LIGHT RAIN
  FOG


RELATIVE HUMIDITY (PERCENT)
 HIGHEST   100          1100 PM
 LOWEST     59          1200 AM
 AVERAGE    80

..........................................................


THE CONCORDIA KS CLIMATE NORMALS FOR TODAY
                         NORMAL    RECORD    YEAR
 MAXIMUM TEMPERATURE (F)   68        94      2012
 MINIMUM TEMPERATURE (F)   45        32      2002
                                             1972
                                             1910


SUNRISE AND SUNSET
APRIL 25 2015.........SUNRISE   640 AM CDT   SUNSET   818 PM CDT
APRIL 26 2015.........SUNRISE   638 AM CDT   SUNSET   819 PM CDT


-  INDICATES NEGATIVE NUMBERS.
R  INDICATES RECORD WAS SET OR TIED.
MM INDICATES DATA IS MISSING.
T  INDICATES TRACE AMOUNT.




$$
