000
CDUS45 KGJT 060733
CLICNY


CLIMATE REPORT
NATIONAL WEATHER SERVICE GRAND JUNCTION CO
131 AM MDT WED MAY 6 2015


...................................

...THE CANYONLANDS AIRPORT UT CLIMATE SUMMARY FOR MAY 5 2015...

CLIMATE NORMAL PERIOD 1981 TO 2010
CLIMATE RECORD PERIOD 9999 TO 9999


WEATHER ITEM   OBSERVED TIME   RECORD YEAR NORMAL DEPARTURE LAST
                VALUE   (LST)  VALUE       VALUE  FROM      YEAR
                                                  NORMAL
..................................................................
TEMPERATURE (F)
 YESTERDAY
  MAXIMUM         65    338 PM  MM      MM  74     -9       82
  MINIMUM         54   1006 PM  MM      MM  44     10       57
  AVERAGE         60                        59      1       70

PRECIPITATION (IN)
  YESTERDAY        0.38         MM      MM   0.02   0.36     0.00
  MONTH TO DATE    0.44                      0.11   0.33     0.00
  SINCE MAR 1      1.06                      1.57  -0.51     0.61
  SINCE JAN 1      1.63                      2.73  -1.10     0.94

SNOWFALL (IN)
  YESTERDAY       MM            MM      MM  MM     MM       MM
  MONTH TO DATE   MM                        MM     MM       MM
  SINCE MAR 1     MM                        MM     MM       MM
  SINCE JUL 1     MM                        MM     MM       MM
  SNOW DEPTH      MM

DEGREE DAYS
 HEATING
  YESTERDAY        5                         7     -2        0
  MONTH TO DATE    5                        37    -32       23
  SINCE MAR 1    888                      1053   -165      937
  SINCE JUL 1   4605                      5462   -857     5685

 COOLING
  YESTERDAY        0                         1     -1        5
  MONTH TO DATE   11                         3      8       13
  SINCE MAR 1     12                         6      6       16
  SINCE JAN 1     12                         6      6       16
..................................................................


WIND (MPH)
  HIGHEST WIND SPEED    16   HIGHEST WIND DIRECTION    SW (240)
  HIGHEST GUST SPEED    21   HIGHEST GUST DIRECTION     W (250)
  AVERAGE WIND SPEED     5.7


SKY COVER
  POSSIBLE SUNSHINE  MM
  AVERAGE SKY COVER 0.9


WEATHER CONDITIONS
 THE FOLLOWING WEATHER WAS RECORDED YESTERDAY.
  THUNDERSTORM
  HEAVY RAIN
  RAIN
  LIGHT RAIN
  FOG


RELATIVE HUMIDITY (PERCENT)
 HIGHEST   100           900 PM
 LOWEST     56           400 PM
 AVERAGE    78

..........................................................


THE CANYONLANDS AIRPORT UT CLIMATE NORMALS FOR TODAY
                         NORMAL    RECORD    YEAR
 MAXIMUM TEMPERATURE (F)   74        MM        MM
 MINIMUM TEMPERATURE (F)   44        MM        MM


SUNRISE AND SUNSET
MAY  6 2015...........SUNRISE   616 AM MDT   SUNSET   816 PM MDT
MAY  7 2015...........SUNRISE   615 AM MDT   SUNSET   817 PM MDT


-  INDICATES NEGATIVE NUMBERS.
R  INDICATES RECORD WAS SET OR TIED.
MM INDICATES DATA IS MISSING.
T  INDICATES TRACE AMOUNT.




$$
