000
CDUS45 KPUB 251038
CLICOS


CLIMATE REPORT
NATIONAL WEATHER SERVICE PUEBLO
438 AM MDT SAT APR 25 2015


...................................

...THE COLORADO SPRINGS CO CLIMATE SUMMARY FOR APRIL 24 2015...

CLIMATE NORMAL PERIOD 1981 TO 2010
CLIMATE RECORD PERIOD 1872 TO 2015


WEATHER ITEM   OBSERVED TIME   RECORD YEAR NORMAL DEPARTURE LAST
                VALUE   (LST)  VALUE       VALUE  FROM      YEAR
                                                  NORMAL
..................................................................
TEMPERATURE (F)
 YESTERDAY
  MAXIMUM         65   1019 AM  84    2012  62      3       63
                                      1996
  MINIMUM         37    336 AM  18    2013  36      1       33
  AVERAGE         51                        49      2       48

PRECIPITATION (IN)
  YESTERDAY        T             2.00 1997   0.05  -0.05     0.00
  MONTH TO DATE    0.74                      1.06  -0.32     0.90
  SINCE MAR 1      1.55                      2.06  -0.51     1.32
  SINCE JAN 1      3.87                      2.72   1.15     2.21

SNOWFALL (IN)
  YESTERDAY        0.0          11.1  1997   0.2   -0.2      0.0
  MONTH TO DATE    1.7                       4.2   -2.5      7.5
  SINCE MAR 1      5.6                      12.3   -6.7     10.3
  SINCE JUL 1     46.5                      36.3   10.2     34.4
  SNOW DEPTH       0

DEGREE DAYS
 HEATING
  YESTERDAY       14                        16     -2       17
  MONTH TO DATE  400                       464    -64      418
  SINCE MAR 1   1069                      1269   -200     1199
  SINCE JUL 1   5290                      5832   -542     5686

 COOLING
  YESTERDAY        0                         0      0        0
  MONTH TO DATE    0                         0      0        0
  SINCE MAR 1      0                         0      0        0
  SINCE JAN 1      0                         0      0        0
..................................................................


WIND (MPH)
  HIGHEST WIND SPEED    29   HIGHEST WIND DIRECTION     N (350)
  HIGHEST GUST SPEED    36   HIGHEST GUST DIRECTION     N (350)
  AVERAGE WIND SPEED     8.4


SKY COVER
  POSSIBLE SUNSHINE  MM
  AVERAGE SKY COVER 0.6


WEATHER CONDITIONS
 THE FOLLOWING WEATHER WAS RECORDED YESTERDAY.
  THUNDERSTORM
  LIGHT RAIN


RELATIVE HUMIDITY (PERCENT)
 HIGHEST    70           300 AM
 LOWEST     16          1100 AM
 AVERAGE    43

..........................................................


THE COLORADO SPRINGS CO CLIMATE NORMALS FOR TODAY
                         NORMAL    RECORD    YEAR
 MAXIMUM TEMPERATURE (F)   63        81      2012
                                             1981
                                             1949
 MINIMUM TEMPERATURE (F)   36        20      1924
                                             1907


SUNRISE AND SUNSET
APRIL 25 2015.........SUNRISE   609 AM MDT   SUNSET   745 PM MDT
APRIL 26 2015.........SUNRISE   608 AM MDT   SUNSET   746 PM MDT


-  INDICATES NEGATIVE NUMBERS.
R  INDICATES RECORD WAS SET OR TIED.
MM INDICATES DATA IS MISSING.
T  INDICATES TRACE AMOUNT.




$$
