000
CDUS45 KRIW 280748
CLICPR


CLIMATE REPORT
NATIONAL WEATHER SERVICE RIVERTON WY
145 AM MDT TUE APR 28 2015


...................................

...THE CASPER WY CLIMATE SUMMARY FOR APRIL 27 2015...

CLIMATE NORMAL PERIOD 1981 TO 2010
CLIMATE RECORD PERIOD 1939 TO 2015


WEATHER ITEM   OBSERVED TIME   RECORD YEAR NORMAL DEPARTURE LAST
                VALUE   (LST)  VALUE       VALUE  FROM      YEAR
                                                  NORMAL
..................................................................
TEMPERATURE (F)
 YESTERDAY
  MAXIMUM         46    401 PM  81    1992  60    -14       44
                                      1952
  MINIMUM         33    713 AM  15    1984  31      2       32
  AVERAGE         40                        46     -6       38

PRECIPITATION (IN)
  YESTERDAY        0.09          0.68 1970   0.05   0.04     0.24
  MONTH TO DATE    1.66                      1.12   0.54     0.93
  SINCE MAR 1      2.30                      1.94   0.36     2.57
  SINCE JAN 1      3.61                      3.02   0.59     4.05

SNOWFALL (IN)
  YESTERDAY        0.2                       0.3   -0.1       T
  MONTH TO DATE    4.7                      10.7   -6.0      5.2
  SINCE MAR 1     14.0                      21.6   -7.6     23.9
  SINCE JUL 1     65.4                      71.0   -5.6     90.1
  SNOW DEPTH       T

DEGREE DAYS
 HEATING
  YESTERDAY       25                        19      6       27
  MONTH TO DATE  588                       614    -26      581
  SINCE MAR 1   1357                      1539   -182     1493
  SINCE JUL 1   6408                      6987   -579     7257

 COOLING
  YESTERDAY        0                         0      0        0
  MONTH TO DATE    0                         0      0        0
  SINCE MAR 1      0                         0      0        0
  SINCE JAN 1      0                         0      0        0
..................................................................


WIND (MPH)
  HIGHEST WIND SPEED    10   HIGHEST WIND DIRECTION    NE (30)
  HIGHEST GUST SPEED    15   HIGHEST GUST DIRECTION     N (20)
  AVERAGE WIND SPEED     5.9


SKY COVER
  POSSIBLE SUNSHINE  MM
  AVERAGE SKY COVER 1.0


WEATHER CONDITIONS
 THE FOLLOWING WEATHER WAS RECORDED YESTERDAY.
  LIGHT SNOW
  FOG


RELATIVE HUMIDITY (PERCENT)
 HIGHEST    96           100 AM
 LOWEST     65           400 PM
 AVERAGE    81

..........................................................


THE CASPER WY CLIMATE NORMALS FOR TODAY
                         NORMAL    RECORD    YEAR
 MAXIMUM TEMPERATURE (F)   61        80      2007
                                             2000
                                             1992
 MINIMUM TEMPERATURE (F)   32        13      1984


SUNRISE AND SUNSET
APRIL 28 2015.........SUNRISE   604 AM MDT   SUNSET   803 PM MDT
APRIL 29 2015.........SUNRISE   603 AM MDT   SUNSET   804 PM MDT


-  INDICATES NEGATIVE NUMBERS.
R  INDICATES RECORD WAS SET OR TIED.
MM INDICATES DATA IS MISSING.
T  INDICATES TRACE AMOUNT.




$$
