000
CDUS42 KILM 060840
CLICRE


CLIMATE REPORT
NATIONAL WEATHER SERVICE WILMINGTON NC
440 AM EDT WED MAY 6 2015


...................................

...THE NORTH MYRTLE BEACH SC CLIMATE SUMMARY FOR MAY 5 2015...

CLIMATE NORMAL PERIOD 1981 TO 2010
CLIMATE RECORD PERIOD 1949 TO 2015


WEATHER ITEM   OBSERVED TIME   RECORD YEAR NORMAL DEPARTURE LAST
                VALUE   (LST)  VALUE       VALUE  FROM      YEAR
                                                  NORMAL
..................................................................
TEMPERATURE (F)
 YESTERDAY
  MAXIMUM         76    153 PM  91    1952  76      0       79
  MINIMUM         53    536 AM  45    1997  57     -4       64
  AVERAGE         65                        67     -2       72

PRECIPITATION (IN)
  YESTERDAY        0.00                      0.11  -0.11     0.00
  MONTH TO DATE    T                         0.50  -0.50      T
  SINCE MAR 1      6.07                      7.38  -1.31     7.27
  SINCE JAN 1     13.26                     14.49  -1.23    11.39

DEGREE DAYS
 HEATING
  YESTERDAY        0                         2     -2        0
  MONTH TO DATE    8                        10     -2        0
  SINCE MAR 1    363                       489   -126      553
  SINCE JUL 1   2418                      2433    -15     2577

 COOLING
  YESTERDAY        0                         3     -3        7
  MONTH TO DATE    0                        15    -15       27
  SINCE MAR 1     52                        57     -5       69
  SINCE JAN 1     53                        57     -4       69
..................................................................


WIND (MPH)
  HIGHEST WIND SPEED    13   HIGHEST WIND DIRECTION     E (100)
  HIGHEST GUST SPEED    18   HIGHEST GUST DIRECTION     E (110)
  AVERAGE WIND SPEED     5.7


SKY COVER
  POSSIBLE SUNSHINE  MM
  AVERAGE SKY COVER 0.0


WEATHER CONDITIONS
 THE FOLLOWING WEATHER WAS RECORDED YESTERDAY.
  FOG


RELATIVE HUMIDITY (PERCENT)
 HIGHEST   100           400 AM
 LOWEST     46          1000 AM
 AVERAGE    73

..........................................................


THE NORTH MYRTLE BEACH SC CLIMATE NORMALS FOR TODAY
                         NORMAL    RECORD    YEAR
 MAXIMUM TEMPERATURE (F)   77        93      1952
 MINIMUM TEMPERATURE (F)   58        44      1954


SUNRISE AND SUNSET
MAY  6 2015...........SUNRISE   621 AM EDT   SUNSET   802 PM EDT
MAY  7 2015...........SUNRISE   621 AM EDT   SUNSET   803 PM EDT


-  INDICATES NEGATIVE NUMBERS.
R  INDICATES RECORD WAS SET OR TIED.
MM INDICATES DATA IS MISSING.
T  INDICATES TRACE AMOUNT.




$$
