000
CDUS42 KFFC 190818
CLICSG


CLIMATE REPORT
NATIONAL WEATHER SERVICE PEACHTREE CITY GA
417 AM EDT SUN APR 19 2015


...................................

...THE COLUMBUS CLIMATE SUMMARY FOR APRIL 18 2015...

CLIMATE NORMAL PERIOD 1981 TO 2010
CLIMATE RECORD PERIOD 1948 TO 2015


WEATHER ITEM   OBSERVED TIME   RECORD YEAR NORMAL DEPARTURE LAST
                VALUE   (LST)  VALUE       VALUE  FROM      YEAR
                                                  NORMAL
..................................................................
TEMPERATURE (F)
 YESTERDAY
  MAXIMUM         75    100 PM  91    2002  77     -2       60
  MINIMUM         63    708 AM  37    1962  53     10       52
                                      1956
  AVERAGE         69                        65      4       56

PRECIPITATION (IN)
  YESTERDAY        0.09          4.47 1969   0.11  -0.02     2.60
  MONTH TO DATE    3.99                      2.26   1.73     7.95
  SINCE MAR 1      6.45                      7.72  -1.27    13.35
  SINCE JAN 1     13.82                     16.01  -2.19    21.67

DEGREE DAYS
 HEATING
  YESTERDAY        0                         3     -3        9
  MONTH TO DATE   13                        71    -58       73
  SINCE MAR 1    188                       317   -129      385
  SINCE JUL 1   2198                      2094    104     2328

 COOLING
  YESTERDAY        4                         3      1        0
  MONTH TO DATE   86                        36     50       25
  SINCE MAR 1    115                        59     56       25
  SINCE JAN 1    115                        63     52       28
..................................................................


WIND (MPH)
  HIGHEST WIND SPEED     9   HIGHEST WIND DIRECTION    SW (220)
  HIGHEST GUST SPEED    15   HIGHEST GUST DIRECTION    SE (120)
  AVERAGE WIND SPEED     2.3


SKY COVER
  AVERAGE SKY COVER 0.9


WEATHER CONDITIONS
 THE FOLLOWING WEATHER WAS RECORDED YESTERDAY.
  HEAVY RAIN
  LIGHT RAIN
  FOG


RELATIVE HUMIDITY (PERCENT)
 HIGHEST   100          1200 AM
 LOWEST     64           100 PM
 AVERAGE    82

..........................................................


THE COLUMBUS CLIMATE NORMALS FOR TODAY
                         NORMAL    RECORD    YEAR
 MAXIMUM TEMPERATURE (F)   78        91      2002
 MINIMUM TEMPERATURE (F)   53        33      1983


SUNRISE AND SUNSET
APRIL 19 2015.........SUNRISE   706 AM EDT   SUNSET   812 PM EDT
APRIL 20 2015.........SUNRISE   705 AM EDT   SUNSET   813 PM EDT


-  INDICATES NEGATIVE NUMBERS.
R  INDICATES RECORD WAS SET OR TIED.
MM INDICATES DATA IS MISSING.
T  INDICATES TRACE AMOUNT.




$$
