000
CDUS42 KCAE 250629
CLICUB


CLIMATE REPORT
NATIONAL WEATHER SERVICE COLUMBIA SC
228 AM EDT SAT APR 25 2015


...................................

...THE HAMILTON - OWENS AIRPORT SC CLIMATE SUMMARY FOR APRIL 24 2015...

CLIMATE NORMAL PERIOD 1981 TO 2010
CLIMATE RECORD PERIOD 9999 TO 9999


WEATHER ITEM   OBSERVED TIME   NORMAL DEPARTURE LAST
                VALUE   (LST)  VALUE  FROM      YEAR
                                      NORMAL
......................................................
TEMPERATURE (F)
 YESTERDAY
  MAXIMUM         74    439 PM  79     -5       79
  MINIMUM         45    623 AM  54     -9       51
  AVERAGE         60            66     -6       65

PRECIPITATION (IN)
  YESTERDAY        0.00          0.08  -0.08     0.00
  MONTH TO DATE    2.12          2.23  -0.11     2.74
  SINCE MAR 1      4.76          6.11  -1.35     6.63
  SINCE JAN 1     12.68         13.39  -0.71    13.01

DEGREE DAYS
 HEATING
  YESTERDAY        5             2      3        0
  MONTH TO DATE   27            88    -61       76
  SINCE MAR 1    235           362   -127      468
  SINCE JUL 1   2361          2291     70     2460

 COOLING
  YESTERDAY        0             3     -3        0
  MONTH TO DATE  107            59     48       45
  SINCE MAR 1    128            74     54       47
  SINCE JAN 1    128            77     51       53
......................................................


WIND (MPH)
  HIGHEST WIND SPEED     9   HIGHEST WIND DIRECTION     S (190)
  HIGHEST GUST SPEED    13   HIGHEST GUST DIRECTION     E (70)
  AVERAGE WIND SPEED     1.6


SKY COVER
  AVERAGE SKY COVER 0.0


WEATHER CONDITIONS
 THE FOLLOWING WEATHER WAS RECORDED YESTERDAY.
  NO SIGNIFICANT WEATHER WAS OBSERVED.


RELATIVE HUMIDITY (PERCENT)
 HIGHEST    76           500 AM
 LOWEST     18           100 PM

..........................................................


THE HAMILTON - OWENS AIRPORT SC CLIMATE NORMALS FOR TODAY
                         NORMAL    RECORD    YEAR
 MAXIMUM TEMPERATURE (F)   79        MM        MM
 MINIMUM TEMPERATURE (F)   55        MM        MM


SUNRISE AND SUNSET
APRIL 25 2015.........SUNRISE   642 AM EDT   SUNSET   803 PM EDT
APRIL 26 2015.........SUNRISE   640 AM EDT   SUNSET   804 PM EDT


-  INDICATES NEGATIVE NUMBERS.
R  INDICATES RECORD WAS SET OR TIED.
MM INDICATES DATA IS MISSING.
T  INDICATES TRACE AMOUNT.




$$
