000
CDUS43 KUNR 250855
CLICUT


CLIMATE REPORT
NATIONAL WEATHER SERVICE RAPID CITY SD
255 AM MDT SAT APR 25 2015


...................................

...THE CUSTER COUNTY AIRPORT SD CLIMATE SUMMARY FOR APRIL 24 2015...

CLIMATE NORMAL PERIOD 1981 TO 2010
CLIMATE RECORD PERIOD 9999 TO 9999


WEATHER ITEM   OBSERVED TIME   NORMAL DEPARTURE LAST
                VALUE   (LST)  VALUE  FROM      YEAR
                                      NORMAL
......................................................
TEMPERATURE (F)
 YESTERDAY
  MAXIMUM         58    906 AM  54      4       58
  MINIMUM         35   1152 PM  30      5       27
  AVERAGE         47            42      5       43

PRECIPITATION (IN)
  YESTERDAY        0.66          0.08   0.58     0.00
  MONTH TO DATE    1.49          1.59  -0.10     1.21
  SINCE MAR 1      1.82          2.60  -0.78     2.41
  SINCE JAN 1      2.22          3.46  -1.24     3.74

DEGREE DAYS
 HEATING
  YESTERDAY       18            23     -5       22
  MONTH TO DATE  593           643    -50      617
  SINCE MAR 1   1424          1683   -259     1669
  SINCE JUL 1   6873          7518   -645     7527

 COOLING
  YESTERDAY        0             0      0        0
  MONTH TO DATE    0             0      0        0
  SINCE MAR 1      0             0      0        0
  SINCE JAN 1      0             0      0        0
......................................................


WIND (MPH)
  HIGHEST WIND SPEED    13   HIGHEST WIND DIRECTION     N (360)
  HIGHEST GUST SPEED    17   HIGHEST GUST DIRECTION    NE (50)
  AVERAGE WIND SPEED     5.5


SKY COVER
  AVERAGE SKY COVER 0.4


WEATHER CONDITIONS
 THE FOLLOWING WEATHER WAS RECORDED YESTERDAY.
  THUNDERSTORM
  HEAVY RAIN
  RAIN
  LIGHT RAIN
  FOG


RELATIVE HUMIDITY (PERCENT)
 HIGHEST    89
 LOWEST     47
 AVERAGE    68

..........................................................




SUNRISE AND SUNSET
APRIL 25 2015.........SUNRISE   556 AM MDT   SUNSET   750 PM MDT
APRIL 26 2015.........SUNRISE   554 AM MDT   SUNSET   751 PM MDT


-  INDICATES NEGATIVE NUMBERS.
R  INDICATES RECORD WAS SET OR TIED.
MM INDICATES DATA IS MISSING.
T  INDICATES TRACE AMOUNT.




$$
