000
CDUS43 KDVN 040915
CLIDBQ


CLIMATE REPORT
NATIONAL WEATHER SERVICE QUAD CITIES IA IL
413 AM CDT MON MAY 4 2015


...................................

...THE DUBUQUE IA CLIMATE SUMMARY FOR MAY 3 2015...

CLIMATE NORMAL PERIOD 1981 TO 2010
CLIMATE RECORD PERIOD 1873 TO 2015


WEATHER ITEM   OBSERVED TIME   RECORD YEAR NORMAL DEPARTURE LAST
                VALUE   (LST)  VALUE       VALUE  FROM      YEAR
                                                  NORMAL
..................................................................
TEMPERATURE (F)
 YESTERDAY
  MAXIMUM         72    451 PM  88    1949  65      7       65
                                      1918
  MINIMUM         53    158 AM  21    2005  44      9       42
  AVERAGE         63                        55      8       54

PRECIPITATION (IN)
  YESTERDAY        0.43          1.90 2013   0.13   0.30     0.00
  MONTH TO DATE    0.46                      0.40   0.06     0.01
  SINCE MAR 1      3.16                      6.47  -3.31     7.14
  SINCE JAN 1      5.45                      9.08  -3.63     9.62

SNOWFALL (IN)
  YESTERDAY        0.0          MM      MM   0.0    0.0      0.0
  MONTH TO DATE    0.0                       0.0    0.0      0.0
  SINCE MAR 1      4.1                       8.3   -4.2     11.6
  SINCE JUL 1     33.7                      41.9   -8.2     63.3
  SNOW DEPTH       0

DEGREE DAYS
 HEATING
  YESTERDAY        2                        11     -9       11
  MONTH TO DATE   17                        33    -16       48
  SINCE MAR 1   1372                      1461    -89     1772
  SINCE JUL 1   7220                      6854    366     8148

 COOLING
  YESTERDAY        0                         0      0        0
  MONTH TO DATE    0                         0      0        0
  SINCE MAR 1      0                         5     -5        0
  SINCE JAN 1      0                         5     -5        0
..................................................................


WIND (MPH)
  HIGHEST WIND SPEED    29   HIGHEST WIND DIRECTION     W (260)
  HIGHEST GUST SPEED    36   HIGHEST GUST DIRECTION     W (260)
  AVERAGE WIND SPEED    13.3


SKY COVER
  POSSIBLE SUNSHINE  MM
  AVERAGE SKY COVER 0.4


WEATHER CONDITIONS
 THE FOLLOWING WEATHER WAS RECORDED YESTERDAY.
  THUNDERSTORM
  HEAVY RAIN
  RAIN
  LIGHT RAIN
  FOG


RELATIVE HUMIDITY (PERCENT)
 HIGHEST    90          1000 PM
 LOWEST     67          1000 AM
 AVERAGE    79

..........................................................


THE DUBUQUE IA CLIMATE NORMALS FOR TODAY
                         NORMAL    RECORD    YEAR
 MAXIMUM TEMPERATURE (F)   65        89      1918
 MINIMUM TEMPERATURE (F)   45        25      2011


SUNRISE AND SUNSET
MAY  4 2015...........SUNRISE   554 AM CDT   SUNSET   806 PM CDT
MAY  5 2015...........SUNRISE   553 AM CDT   SUNSET   807 PM CDT


-  INDICATES NEGATIVE NUMBERS.
R  INDICATES RECORD WAS SET OR TIED.
MM INDICATES DATA IS MISSING.
T  INDICATES TRACE AMOUNT.




$$
