000
CDUS44 KSHV 032136
CLIDEQ


CLIMATE REPORT
NATIONAL WEATHER SERVICE SHREVEPORT, LA
431 PM CDT SUN MAY 3 2015


...................................

...THE DE QUEEN CLIMATE SUMMARY FOR MAY 3 2015...
VALID TODAY AS OF 0400 PM LOCAL TIME.

CLIMATE NORMAL PERIOD 1981 TO 2010
CLIMATE RECORD PERIOD 1902 TO 2015


WEATHER ITEM   OBSERVED TIME   RECORD YEAR NORMAL DEPARTURE LAST
                VALUE   (LST)  VALUE       VALUE  FROM      YEAR
                                                  NORMAL
..................................................................
TEMPERATURE (F)
 TODAY
  MAXIMUM         82    251 PM  89    1943  78      4       83
  MINIMUM         53    551 AM  37    2013  55     -2       40
  AVERAGE         68                        66      2       62

PRECIPITATION (IN)
  TODAY            0.00          3.03 1984   0.23  -0.23     0.00
  MONTH TO DATE    0.00                      0.70  -0.70     0.00
  SINCE DEC 1     17.94                     20.63  -2.69    10.33
  SINCE JAN 1     16.22                     16.27  -0.05     8.40

DEGREE DAYS
 HEATING
  TODAY            0                         2     -2        3
  MONTH TO DATE    2                         6     -4       23
  SINCE MAR 1    447                       536    -89      664
  SINCE JUL 1   3099                      3027     72     3436

 COOLING
  TODAY            3                         3      0        0
  MONTH TO DATE    3                         9     -6        0
  SINCE MAR 1     51                        54     -3       38
  SINCE JAN 1     51                        56     -5       38
..................................................................


WIND (MPH)
  HIGHEST WIND SPEED    14   HIGHEST WIND DIRECTION     S (200)
  HIGHEST GUST SPEED    19   HIGHEST GUST DIRECTION    SW (230)
  AVERAGE WIND SPEED     2.9


SKY COVER
  POSSIBLE SUNSHINE  MM
  AVERAGE SKY COVER 0.1


WEATHER CONDITIONS
 THE FOLLOWING WEATHER WAS RECORDED TODAY.
  FOG


RELATIVE HUMIDITY (PERCENT)
 HIGHEST   100           400 AM
 LOWEST     45          1200 PM
 AVERAGE    73

..........................................................


THE DE QUEEN CLIMATE NORMALS FOR TOMORROW
                         NORMAL    RECORD    YEAR
 MAXIMUM TEMPERATURE (F)   78        89      2014
                                             1952
 MINIMUM TEMPERATURE (F)   55        33      2013


SUNRISE AND SUNSET
MAY  3 2015...........SUNRISE   627 AM CDT   SUNSET   803 PM CDT
MAY  4 2015...........SUNRISE   626 AM CDT   SUNSET   804 PM CDT


-  INDICATES NEGATIVE NUMBERS.
R  INDICATES RECORD WAS SET OR TIED.
MM INDICATES DATA IS MISSING.
T  INDICATES TRACE AMOUNT.




$$
